frontend-1 | HTTP 2/10/2026 8:29:11 PM 172.22.0.6 Returned 200 in 2 ms
gateway-1 | 172.22.0.7 - - [10/Feb/2026:20:29:11 +0000] "GET /chunk-274CCNKG.js HTTP/1.1" 200 6429 "http://gateway/main-KS4NMWS4.js" "Mozilla/5.0 (X11; Linux x86_64) AppleWebKit/537.36 (KHTML, like Gecko) HeadlessChrome/118.0.0.0 Safari/537.36"
gateway-1 | 172.22.0.7 - - [10/Feb/2026:20:29:11 +0000] "GET /chunk-KGBQIG74.js HTTP/1.1" 200 2754 "http://gateway/main-KS4NMWS4.js" "Mozilla/5.0 (X11; Linux x86_64) AppleWebKit/537.36 (KHTML, like Gecko) HeadlessChrome/118.0.0.0 Safari/537.36"
gateway-1 | 172.22.0.7 - - [10/Feb/2026:20:29:11 +0000] "GET /chunk-XC4S66G4.js HTTP/1.1" 200 5586 "http://gateway/main-KS4NMWS4.js" "Mozilla/5.0 (X11; Linux x86_64) AppleWebKit/537.36 (KHTML, like Gecko) HeadlessChrome/118.0.0.0 Safari/537.36"
frontend-1 | HTTP 2/10/2026 8:29:11 PM 172.22.0.6 GET /media/caveat-latin-400-normal-WYH6L3FA.woff2
frontend-1 | HTTP 2/10/2026 8:29:11 PM 172.22.0.6 Returned 200 in 2 ms
gateway-1 | 172.22.0.7 - - [10/Feb/2026:20:29:11 +0000] "GET /media/caveat-latin-400-normal-WYH6L3FA.woff2 HTTP/1.1" 200 48836 "http://gateway/auth/login" "Mozilla/5.0 (X11; Linux x86_64) AppleWebKit/537.36 (KHTML, like Gecko) HeadlessChrome/118.0.0.0 Safari/537.36"
frontend-1 | HTTP 2/10/2026 8:29:11 PM 172.22.0.6 GET /chunk-AJSQBGF2.js
frontend-1 | HTTP 2/10/2026 8:29:11 PM 172.22.0.6 Returned 200 in 2 ms
gateway-1 | 172.22.0.7 - - [10/Feb/2026:20:29:11 +0000] "GET /chunk-AJSQBGF2.js HTTP/1.1" 200 3344 "http://gateway/main-KS4NMWS4.js" "Mozilla/5.0 (X11; Linux x86_64) AppleWebKit/537.36 (KHTML, like Gecko) HeadlessChrome/118.0.0.0 Safari/537.36"
frontend-1 | HTTP 2/10/2026 8:29:11 PM 172.22.0.6 GET /chunk-AJ7PW6PK.js
frontend-1 | HTTP 2/10/2026 8:29:11 PM 172.22.0.6 Returned 200 in 1 ms
frontend-1 | HTTP 2/10/2026 8:29:11 PM 172.22.0.6 GET /chunk-J23M3TPU.js
gateway-1 | 172.22.0.7 - - [10/Feb/2026:20:29:11 +0000] "GET /chunk-AJ7PW6PK.js HTTP/1.1" 200 2835 "http://gateway/main-KS4NMWS4.js" "Mozilla/5.0 (X11; Linux x86_64) AppleWebKit/537.36 (KHTML, like Gecko) HeadlessChrome/118.0.0.0 Safari/537.36"
frontend-1 | HTTP 2/10/2026 8:29:11 PM 172.22.0.6 Returned 200 in 2 ms
gateway-1 | 172.22.0.7 - - [10/Feb/2026:20:29:11 +0000] "GET /chunk-J23M3TPU.js HTTP/1.1" 200 3728 "http://gateway/main-KS4NMWS4.js" "Mozilla/5.0 (X11; Linux x86_64) AppleWebKit/537.36 (KHTML, like Gecko) HeadlessChrome/118.0.0.0 Safari/537.36"
frontend-1 | HTTP 2/10/2026 8:29:11 PM 172.22.0.6 GET /chunk-PEPV6K6J.js
frontend-1 | HTTP 2/10/2026 8:29:11 PM 172.22.0.6 Returned 200 in 2 ms
frontend-1 | HTTP 2/10/2026 8:29:11 PM 172.22.0.6 GET /chunk-Y47YPX6H.js
gateway-1 | 172.22.0.7 - - [10/Feb/2026:20:29:11 +0000] "GET /chunk-PEPV6K6J.js HTTP/1.1" 200 9319 "http://gateway/main-KS4NMWS4.js" "Mozilla/5.0 (X11; Linux x86_64) AppleWebKit/537.36 (KHTML, like Gecko) HeadlessChrome/118.0.0.0 Safari/537.36"
frontend-1 | HTTP 2/10/2026 8:29:11 PM 172.22.0.6 Returned 200 in 2 ms
gateway-1 | 172.22.0.7 - - [10/Feb/2026:20:29:11 +0000] "GET /chunk-Y47YPX6H.js HTTP/1.1" 200 1561 "http://gateway/main-KS4NMWS4.js" "Mozilla/5.0 (X11; Linux x86_64) AppleWebKit/537.36 (KHTML, like Gecko) HeadlessChrome/118.0.0.0 Safari/537.36"
frontend-1 | HTTP 2/10/2026 8:29:11 PM 172.22.0.6 GET /chunk-5GYLWUYJ.js
frontend-1 | HTTP 2/10/2026 8:29:11 PM 172.22.0.6 Returned 200 in 1 ms
frontend-1 | HTTP 2/10/2026 8:29:11 PM 172.22.0.6 GET /chunk-V6YYGXDY.js
gateway-1 | 172.22.0.7 - - [10/Feb/2026:20:29:11 +0000] "GET /chunk-5GYLWUYJ.js HTTP/1.1" 200 3345 "http://gateway/chunk-RCQRUOIY.js" "Mozilla/5.0 (X11; Linux x86_64) AppleWebKit/537.36 (KHTML, like Gecko) HeadlessChrome/118.0.0.0 Safari/537.36"
frontend-1 | HTTP 2/10/2026 8:29:11 PM 172.22.0.6 Returned 200 in 2 ms
gateway-1 | 172.22.0.7 - - [10/Feb/2026:20:29:11 +0000] "GET /chunk-V6YYGXDY.js HTTP/1.1" 200 141 "http://gateway/chunk-4OBODHSB.js" "Mozilla/5.0 (X11; Linux x86_64) AppleWebKit/537.36 (KHTML, like Gecko) HeadlessChrome/118.0.0.0 Safari/537.36"
frontend-1 | HTTP 2/10/2026 8:29:11 PM 172.22.0.6 GET /chunk-SAIGJ3DD.js
frontend-1 | HTTP 2/10/2026 8:29:11 PM 172.22.0.6 Returned 200 in 1 ms
gateway-1 | 172.22.0.7 - - [10/Feb/2026:20:29:11 +0000] "GET /chunk-SAIGJ3DD.js HTTP/1.1" 200 799 "http://gateway/chunk-4OBODHSB.js" "Mozilla/5.0 (X11; Linux x86_64) AppleWebKit/537.36 (KHTML, like Gecko) HeadlessChrome/118.0.0.0 Safari/537.36"
frontend-1 | HTTP 2/10/2026 8:29:11 PM 172.22.0.6 GET /chunk-U7H4TA4P.js
frontend-1 | HTTP 2/10/2026 8:29:11 PM 172.22.0.6 Returned 200 in 2 ms
gateway-1 | 172.22.0.7 - - [10/Feb/2026:20:29:11 +0000] "GET /chunk-U7H4TA4P.js HTTP/1.1" 200 840 "http://gateway/chunk-4OBODHSB.js" "Mozilla/5.0 (X11; Linux x86_64) AppleWebKit/537.36 (KHTML, like Gecko) HeadlessChrome/118.0.0.0 Safari/537.36"
frontend-1 | HTTP 2/10/2026 8:29:11 PM 172.22.0.6 GET /chunk-Q2YP7UK3.js
frontend-1 | HTTP 2/10/2026 8:29:11 PM 172.22.0.6 Returned 200 in 1 ms
gateway-1 | 172.22.0.7 - - [10/Feb/2026:20:29:11 +0000] "GET /chunk-Q2YP7UK3.js HTTP/1.1" 200 866 "http://gateway/chunk-4OBODHSB.js" "Mozilla/5.0 (X11; Linux x86_64) AppleWebKit/537.36 (KHTML, like Gecko) HeadlessChrome/118.0.0.0 Safari/537.36"
frontend-1 | HTTP 2/10/2026 8:29:11 PM 172.22.0.6 GET /chunk-UIGZEDL5.js
frontend-1 | HTTP 2/10/2026 8:29:11 PM 172.22.0.6 Returned 200 in 1 ms
gateway-1 | 172.22.0.7 - - [10/Feb/2026:20:29:11 +0000] "GET /chunk-UIGZEDL5.js HTTP/1.1" 200 199 "http://gateway/chunk-4OBODHSB.js" "Mozilla/5.0 (X11; Linux x86_64) AppleWebKit/537.36 (KHTML, like Gecko) HeadlessChrome/118.0.0.0 Safari/537.36"
frontend-1 | HTTP 2/10/2026 8:29:11 PM 172.22.0.6 GET /chunk-VBRMBQBP.js
frontend-1 | HTTP 2/10/2026 8:29:11 PM 172.22.0.6 Returned 200 in 1 ms
gateway-1 | 172.22.0.7 - - [10/Feb/2026:20:29:11 +0000] "GET /chunk-VBRMBQBP.js HTTP/1.1" 200 1698 "http://gateway/chunk-5TRJSPHN.js" "Mozilla/5.0 (X11; Linux x86_64) AppleWebKit/537.36 (KHTML, like Gecko) HeadlessChrome/118.0.0.0 Safari/537.36"
frontend-1 | HTTP 2/10/2026 8:29:11 PM 172.22.0.6 GET /chunk-ZOEBSFE7.js
frontend-1 | HTTP 2/10/2026 8:29:11 PM 172.22.0.6 Returned 200 in 1 ms
frontend-1 | HTTP 2/10/2026 8:29:11 PM 172.22.0.6 GET /chunk-2B7R3YSL.js
gateway-1 | 172.22.0.7 - - [10/Feb/2026:20:29:11 +0000] "GET /chunk-ZOEBSFE7.js HTTP/1.1" 200 2874 "http://gateway/chunk-26A63YYM.js" "Mozilla/5.0 (X11; Linux x86_64) AppleWebKit/537.36 (KHTML, like Gecko) HeadlessChrome/118.0.0.0 Safari/537.36"
frontend-1 | HTTP 2/10/2026 8:29:11 PM 172.22.0.6 Returned 200 in 2 ms
frontend-1 | HTTP 2/10/2026 8:29:11 PM 172.22.0.6 GET /chunk-JDBUSGNJ.js
gateway-1 | 172.22.0.7 - - [10/Feb/2026:20:29:11 +0000] "GET /chunk-2B7R3YSL.js HTTP/1.1" 200 1060 "http://gateway/chunk-AJKC76ZD.js" "Mozilla/5.0 (X11; Linux x86_64) AppleWebKit/537.36 (KHTML, like Gecko) HeadlessChrome/118.0.0.0 Safari/537.36"
frontend-1 | HTTP 2/10/2026 8:29:11 PM 172.22.0.6 Returned 200 in 3 ms
gateway-1 | 172.22.0.7 - - [10/Feb/2026:20:29:11 +0000] "GET /chunk-JDBUSGNJ.js HTTP/1.1" 200 4240 "http://gateway/chunk-AJSQBGF2.js" "Mozilla/5.0 (X11; Linux x86_64) AppleWebKit/537.36 (KHTML, like Gecko) HeadlessChrome/118.0.0.0 Safari/537.36"
backend-1 | ­ƒöÉ R├®ponse de connexion envoy├®e: {
backend-1 | ÔÜá´©Å Logs database disabled, writing log to fallback file only.
backend-1 | "success": true,
backend-1 | "message": "Connexion r├®ussie",
backend-1 | "user": {
backend-1 | "id": "cb1e000e-1bce-4e42-ae20-99509c26901d",
backend-1 | "email": "e2e.1770755348773@journey.local",
backend-1 | "displayName": "User 1770755348773",
backend-1 | "avatarUrl": null,
backend-1 | "role": "user"
backend-1 | },
backend-1 | "token": "eyJhbGciOiJIUzI1NiIsInR5cCI6IkpXVCJ9.eyJ1c2VySWQiOiJjYjFlMDAwZS0xYmNlLTRlNDItYWUyMC05OTUwOWMyNjkwMWQiLCJlbWFpbCI6ImUyZS4xNzcwNzU1MzQ4NzczQGpvdXJuZXkubG9jYWwiLCJpYXQiOjE3NzA3NTUzNTIsImV4cCI6MTc3MDg0MTc1Mn0.8eUj558pQq2qNOHFLC-1huZ9iQDjfaQwhqR9f-W5xgY"
backend-1 | }
backend-1 | ­ƒôü Log sauv├® en fallback fichier
gateway-1 | 172.22.0.7 - - [10/Feb/2026:20:29:12 +0000] "POST /api/auth/login HTTP/1.1" 200 467 "http://gateway/auth/login" "Mozilla/5.0 (X11; Linux x86_64) AppleWebKit/537.36 (KHTML, like Gecko) HeadlessChrome/118.0.0.0 Safari/537.36"
backend-1 | 172.22.0.7 - - [10/Feb/2026:20:29:12 +0000] "POST /api/auth/login HTTP/1.1" 200 467 "http://gateway/auth/login" "Mozilla/5.0 (X11; Linux x86_64) AppleWebKit/537.36 (KHTML, like Gecko) HeadlessChrome/118.0.0.0 Safari/537.36"
backend-1 | ÔÜá´©Å Logs database disabled, writing log to fallback file only.
backend-1 | ­ƒôü Log sauv├® en fallback fichier
backend-1 | 172.22.0.7 - - [10/Feb/2026:20:29:12 +0000] "GET /api/auth/profile HTTP/1.1" 200 1032 "http://gateway/auth/login" "Mozilla/5.0 (X11; Linux x86_64) AppleWebKit/537.36 (KHTML, like Gecko) HeadlessChrome/118.0.0.0 Safari/537.36"
gateway-1 | 172.22.0.7 - - [10/Feb/2026:20:29:12 +0000] "GET /api/auth/profile HTTP/1.1" 200 1032 "http://gateway/auth/login" "Mozilla/5.0 (X11; Linux x86_64) AppleWebKit/537.36 (KHTML, like Gecko) HeadlessChrome/118.0.0.0 Safari/537.36"
frontend-1 | HTTP 2/10/2026 8:29:12 PM 172.22.0.6 GET /chunk-FWMMJNJH.js
frontend-1 | HTTP 2/10/2026 8:29:12 PM 172.22.0.6 Returned 200 in 1 ms
gateway-1 | 172.22.0.7 - - [10/Feb/2026:20:29:12 +0000] "GET /chunk-FWMMJNJH.js HTTP/1.1" 200 239 "http://gateway/chunk-QEMOE4HY.js" "Mozilla/5.0 (X11; Linux x86_64) AppleWebKit/537.36 (KHTML, like Gecko) HeadlessChrome/118.0.0.0 Safari/537.36"
frontend-1 | HTTP 2/10/2026 8:29:12 PM 172.22.0.6 GET /media/caveat-latin-700-normal-S4TLUQTR.woff2
frontend-1 | HTTP 2/10/2026 8:29:12 PM 172.22.0.6 Returned 200 in 4 ms
gateway-1 | 172.22.0.7 - - [10/Feb/2026:20:29:12 +0000] "GET /media/caveat-latin-700-normal-S4TLUQTR.woff2 HTTP/1.1" 200 51020 "http://gateway/auth/login" "Mozilla/5.0 (X11; Linux x86_64) AppleWebKit/537.36 (KHTML, like Gecko) HeadlessChrome/118.0.0.0 Safari/537.36"
frontend-1 | HTTP 2/10/2026 8:29:12 PM 172.22.0.6 GET /media/comfortaa-latin-600-normal-4RSJKGAU.woff2
frontend-1 | HTTP 2/10/2026 8:29:12 PM 172.22.0.6 Returned 200 in 2 ms
gateway-1 | 172.22.0.7 - - [10/Feb/2026:20:29:12 +0000] "GET /media/comfortaa-latin-600-normal-4RSJKGAU.woff2 HTTP/1.1" 200 13972 "http://gateway/auth/login" "Mozilla/5.0 (X11; Linux x86_64) AppleWebKit/537.36 (KHTML, like Gecko) HeadlessChrome/118.0.0.0 Safari/537.36"
gateway-1 | 172.22.0.7 - - [10/Feb/2026:20:29:12 +0000] "GET /api/fails/anonymes?limit=20&offset=0 HTTP/1.1" 200 2586 "http://gateway/tabs/home" "Mozilla/5.0 (X11; Linux x86_64) AppleWebKit/537.36 (KHTML, like Gecko) HeadlessChrome/118.0.0.0 Safari/537.36"
backend-1 | 172.22.0.7 - - [10/Feb/2026:20:29:12 +0000] "GET /api/fails/anonymes?limit=20&offset=0 HTTP/1.1" 200 2586 "http://gateway/tabs/home" "Mozilla/5.0 (X11; Linux x86_64) AppleWebKit/537.36 (KHTML, like Gecko) HeadlessChrome/118.0.0.0 Safari/537.36"
frontend-1 | HTTP 2/10/2026 8:29:12 PM 172.22.0.6 GET /chunk-P6TZHZR5.js
frontend-1 | HTTP 2/10/2026 8:29:12 PM 172.22.0.6 Returned 200 in 4 ms
gateway-1 | 172.22.0.7 - - [10/Feb/2026:20:29:12 +0000] "GET /chunk-P6TZHZR5.js HTTP/1.1" 200 127 "http://gateway/chunk-SIIYUJ4M.js" "Mozilla/5.0 (X11; Linux x86_64) AppleWebKit/537.36 (KHTML, like Gecko) HeadlessChrome/118.0.0.0 Safari/537.36"
gateway-1 | 172.22.0.7 - - [10/Feb/2026:20:29:12 +0000] "GET /api/auth/verify HTTP/1.1" 200 190 "-" "Mozilla/5.0 (X11; Linux x86_64) AppleWebKit/537.36 (KHTML, like Gecko) HeadlessChrome/118.0.0.0 Safari/537.36"
backend-1 | 172.22.0.7 - - [10/Feb/2026:20:29:12 +0000] "GET /api/auth/verify HTTP/1.1" 200 190 "-" "Mozilla/5.0 (X11; Linux x86_64) AppleWebKit/537.36 (KHTML, like Gecko) HeadlessChrome/118.0.0.0 Safari/537.36"
frontend-1 | HTTP 2/10/2026 8:29:13 PM 172.22.0.6 GET /assets/profil/base.png
frontend-1 | HTTP 2/10/2026 8:29:13 PM 172.22.0.6 Returned 200 in 2 ms
gateway-1 | 172.22.0.7 - - [10/Feb/2026:20:29:13 +0000] "GET /assets/profil/base.png HTTP/1.1" 200 138120 "http://gateway/tabs/home" "Mozilla/5.0 (X11; Linux x86_64) AppleWebKit/537.36 (KHTML, like Gecko) HeadlessChrome/118.0.0.0 Safari/537.36"
backend-1 | ÔÜá´©Å Logs database disabled, writing log to fallback file only.
backend-1 | ­ƒôü Log sauv├® en fallback fichier
backend-1 | 172.22.0.7 - - [10/Feb/2026:20:29:13 +0000] "GET /api/auth/profile HTTP/1.1" 200 1032 "-" "Mozilla/5.0 (X11; Linux x86_64) AppleWebKit/537.36 (KHTML, like Gecko) HeadlessChrome/118.0.0.0 Safari/537.36"
gateway-1 | 172.22.0.7 - - [10/Feb/2026:20:29:13 +0000] "GET /api/auth/profile HTTP/1.1" 200 1032 "-" "Mozilla/5.0 (X11; Linux x86_64) AppleWebKit/537.36 (KHTML, like Gecko) HeadlessChrome/118.0.0.0 Safari/537.36"
backend-1 | ÔÜá´©Å Logs database disabled, writing log to fallback file only.
backend-1 | ­ƒôü Log sauv├® en fallback fichier
backend-1 | 172.22.0.7 - - [10/Feb/2026:20:29:13 +0000] "PUT /api/auth/profile HTTP/1.1" 200 508 "-" "Mozilla/5.0 (X11; Linux x86_64) AppleWebKit/537.36 (KHTML, like Gecko) HeadlessChrome/118.0.0.0 Safari/537.36"
gateway-1 | 172.22.0.7 - - [10/Feb/2026:20:29:13 +0000] "PUT /api/auth/profile HTTP/1.1" 200 508 "-" "Mozilla/5.0 (X11; Linux x86_64) AppleWebKit/537.36 (KHTML, like Gecko) HeadlessChrome/118.0.0.0 Safari/537.36"
backend-1 | ÔÜá´©Å Logs database disabled, writing log to fallback file only.
backend-1 | ­ƒôü Log sauv├® en fallback fichier
backend-1 | 172.22.0.7 - - [10/Feb/2026:20:29:14 +0000] "PUT /api/auth/password HTTP/1.1" 200 62 "-" "Mozilla/5.0 (X11; Linux x86_64) AppleWebKit/537.36 (KHTML, like Gecko) HeadlessChrome/118.0.0.0 Safari/537.36"
gateway-1 | 172.22.0.7 - - [10/Feb/2026:20:29:14 +0000] "PUT /api/auth/password HTTP/1.1" 200 62 "-" "Mozilla/5.0 (X11; Linux x86_64) AppleWebKit/537.36 (KHTML, like Gecko) HeadlessChrome/118.0.0.0 Safari/537.36"
backend-1 | ­ƒöì V├®rification d'├óge: 36 ans (adult) - ├ëligible: true
gateway-1 | 172.22.0.7 - - [10/Feb/2026:20:29:14 +0000] "POST /api/age-verification/verify HTTP/1.1" 200 138 "-" "Mozilla/5.0 (X11; Linux x86_64) AppleWebKit/537.36 (KHTML, like Gecko) HeadlessChrome/118.0.0.0 Safari/537.36"
backend-1 | 172.22.0.7 - - [10/Feb/2026:20:29:14 +0000] "POST /api/age-verification/verify HTTP/1.1" 200 138 "-" "Mozilla/5.0 (X11; Linux x86_64) AppleWebKit/537.36 (KHTML, like Gecko) HeadlessChrome/118.0.0.0 Safari/537.36"
backend-1 | 172.22.0.7 - - [10/Feb/2026:20:29:14 +0000] "GET /api/age-verification/user-age HTTP/1.1" 200 125 "-" "Mozilla/5.0 (X11; Linux x86_64) AppleWebKit/537.36 (KHTML, like Gecko) HeadlessChrome/118.0.0.0 Safari/537.36"
gateway-1 | 172.22.0.7 - - [10/Feb/2026:20:29:14 +0000] "GET /api/age-verification/user-age HTTP/1.1" 200 125 "-" "Mozilla/5.0 (X11; Linux x86_64) AppleWebKit/537.36 (KHTML, like Gecko) HeadlessChrome/118.0.0.0 Safari/537.36"
backend-1 | 172.22.0.7 - - [10/Feb/2026:20:29:14 +0000] "GET /api/age-verification/coppa-compliance HTTP/1.1" 200 181 "-" "Mozilla/5.0 (X11; Linux x86_64) AppleWebKit/537.36 (KHTML, like Gecko) HeadlessChrome/118.0.0.0 Safari/537.36"
gateway-1 | 172.22.0.7 - - [10/Feb/2026:20:29:14 +0000] "GET /api/age-verification/coppa-compliance HTTP/1.1" 200 181 "-" "Mozilla/5.0 (X11; Linux x86_64) AppleWebKit/537.36 (KHTML, like Gecko) HeadlessChrome/118.0.0.0 Safari/537.36"
gateway-1 | 172.22.0.7 - - [10/Feb/2026:20:29:14 +0000] "GET /api/privacy-settings HTTP/1.1" 200 317 "-" "Mozilla/5.0 (X11; Linux x86_64) AppleWebKit/537.36 (KHTML, like Gecko) HeadlessChrome/118.0.0.0 Safari/537.36"
backend-1 | 172.22.0.7 - - [10/Feb/2026:20:29:14 +0000] "GET /api/privacy-settings HTTP/1.1" 200 317 "-" "Mozilla/5.0 (X11; Linux x86_64) AppleWebKit/537.36 (KHTML, like Gecko) HeadlessChrome/118.0.0.0 Safari/537.36"
backend-1 | 172.22.0.7 - - [10/Feb/2026:20:29:14 +0000] "PUT /api/privacy-settings HTTP/1.1" 200 366 "-" "Mozilla/5.0 (X11; Linux x86_64) AppleWebKit/537.36 (KHTML, like Gecko) HeadlessChrome/118.0.0.0 Safari/537.36"
gateway-1 | 172.22.0.7 - - [10/Feb/2026:20:29:14 +0000] "PUT /api/privacy-settings HTTP/1.1" 200 366 "-" "Mozilla/5.0 (X11; Linux x86_64) AppleWebKit/537.36 (KHTML, like Gecko) HeadlessChrome/118.0.0.0 Safari/537.36"
backend-1 | 172.22.0.7 - - [10/Feb/2026:20:29:14 +0000] "GET /api/privacy-settings/cb1e000e-1bce-4e42-ae20-99509c26901d HTTP/1.1" 200 95 "-" "Mozilla/5.0 (X11; Linux x86_64) AppleWebKit/537.36 (KHTML, like Gecko) HeadlessChrome/118.0.0.0 Safari/537.36"
gateway-1 | 172.22.0.7 - - [10/Feb/2026:20:29:14 +0000] "GET /api/privacy-settings/cb1e000e-1bce-4e42-ae20-99509c26901d HTTP/1.1" 200 95 "-" "Mozilla/5.0 (X11; Linux x86_64) AppleWebKit/537.36 (KHTML, like Gecko) HeadlessChrome/118.0.0.0 Safari/537.36"
gateway-1 | 172.22.0.7 - - [10/Feb/2026:20:29:14 +0000] "POST /api/consents HTTP/1.1" 201 53 "-" "Mozilla/5.0 (X11; Linux x86_64) AppleWebKit/537.36 (KHTML, like Gecko) HeadlessChrome/118.0.0.0 Safari/537.36"
backend-1 | 172.22.0.7 - - [10/Feb/2026:20:29:14 +0000] "POST /api/consents HTTP/1.1" 201 53 "-" "Mozilla/5.0 (X11; Linux x86_64) AppleWebKit/537.36 (KHTML, like Gecko) HeadlessChrome/118.0.0.0 Safari/537.36"
gateway-1 | 172.22.0.7 - - [10/Feb/2026:20:29:14 +0000] "GET /api/consents/me HTTP/1.1" 200 296 "-" "Mozilla/5.0 (X11; Linux x86_64) AppleWebKit/537.36 (KHTML, like Gecko) HeadlessChrome/118.0.0.0 Safari/537.36"
backend-1 | 172.22.0.7 - - [10/Feb/2026:20:29:14 +0000] "GET /api/consents/me HTTP/1.1" 200 296 "-" "Mozilla/5.0 (X11; Linux x86_64) AppleWebKit/537.36 (KHTML, like Gecko) HeadlessChrome/118.0.0.0 Safari/537.36"
backend-1 | 172.22.0.7 - - [10/Feb/2026:20:29:14 +0000] "DELETE /api/consents/me HTTP/1.1" 200 51 "-" "Mozilla/5.0 (X11; Linux x86_64) AppleWebKit/537.36 (KHTML, like Gecko) HeadlessChrome/118.0.0.0 Safari/537.36"
gateway-1 | 172.22.0.7 - - [10/Feb/2026:20:29:14 +0000] "DELETE /api/consents/me HTTP/1.1" 200 51 "-" "Mozilla/5.0 (X11; Linux x86_64) AppleWebKit/537.36 (KHTML, like Gecko) HeadlessChrome/118.0.0.0 Safari/537.36"
backend-1 | ­ƒöì moderateText appel├® avec: Mon test de fail 1770755350256
backend-1 | ÔÜá´©Å OPENAI_API_KEY manquante - mod├®ration d├®sactiv├®e
backend-1 | Description e2e suffisamment longue pour passer la validation.
backend-1 | ­ƒöæ API Key pr├®sente: false longueur: 0
backend-1 | ­ƒöì getFailById called with: {
backend-1 | failId: '19feeae6-82ce-4122-b2e3-1cb948ebf0c2',
backend-1 | userId: 'cb1e000e-1bce-4e42-ae20-99509c26901d'
backend-1 | }
backend-1 | ­ƒöì Query:
backend-1 | SELECT
backend-1 | f.*,
backend-1 | p.display_name,
backend-1 | p.avatar_url,
backend-1 | fm.status AS moderation_status,
backend-1 | (SELECT COUNT(*) FROM reactions fr WHERE fr.fail_id = f.id) as reactions_count,
backend-1 | (SELECT COUNT(*) FROM reactions fr WHERE fr.fail_id = f.id AND fr.reaction_type = 'courage') as courage_count,
backend-1 | (SELECT COUNT(*) FROM reactions fr WHERE fr.fail_id = f.id AND fr.reaction_type = 'empathy') as empathy_count,
backend-1 | (SELECT COUNT(*) FROM reactions fr WHERE fr.fail_id = f.id AND fr.reaction_type = 'laugh') as laugh_count,
backend-1 | (SELECT COUNT(*) FROM reactions fr WHERE fr.fail_id = f.id AND fr.reaction_type = 'support') as support_count,
backend-1 | (SELECT COUNT(*) FROM comments fc WHERE fc.fail_id = f.id) as comments_count,
backend-1 | (SELECT reaction_type FROM reactions WHERE fail_id = f.id AND user_id = ?) as user_reaction
backend-1 | FROM fails f
backend-1 | JOIN users u ON f.user_id = u.id
backend-1 | JOIN profiles p ON u.id = p.user_id
backend-1 | LEFT JOIN fail_moderation fm ON fm.fail_id = f.id
backend-1 | WHERE f.id = ? AND (fm.status IS NULL OR fm.status NOT IN ('hidden','rejected') OR f.user_id = ?)
backend-1 |
backend-1 | ­ƒöì Params: [
backend-1 | 'cb1e000e-1bce-4e42-ae20-99509c26901d',
backend-1 | '19feeae6-82ce-4122-b2e3-1cb948ebf0c2',
backend-1 | 'cb1e000e-1bce-4e42-ae20-99509c26901d'
backend-1 | ]
backend-1 | ­ƒÅå APPEL checkBadgeProgress pour utilisateur cb1e000e-1bce-4e42-ae20-99509c26901d
backend-1 | ­ƒÅå ========== VERIFICATION BADGES ==========
backend-1 | ­ƒÅå Utilisateur: cb1e000e-1bce-4e42-ae20-99509c26901d, Action: fail_created
backend-1 | ­ƒÅå Traitement action fail_created...
backend-1 | ­ƒÅå ­ƒôè Utilisateur cb1e000e-1bce-4e42-ae20-99509c26901d a 1 fails au total
backend-1 | ­ƒÄë Badge "Premier Pas" attribu├® ├á l'utilisateur cb1e000e-1bce-4e42-ae20-99509c26901d!
backend-1 | ­ƒÅå FIN checkBadgeProgress pour utilisateur cb1e000e-1bce-4e42-ae20-99509c26901d
backend-1 | Ô£à Fail cr├®├®: 19feeae6-82ce-4122-b2e3-1cb948ebf0c2 par utilisateur cb1e000e-1bce-4e42-ae20-99509c26901d
backend-1 | ÔÜá´©Å Logs database disabled, writing log to fallback file only.
backend-1 | ­ƒôü Log sauv├® en fallback fichier
gateway-1 | 172.22.0.7 - - [10/Feb/2026:20:29:14 +0000] "POST /api/fails HTTP/1.1" 201 614 "-" "Mozilla/5.0 (X11; Linux x86_64) AppleWebKit/537.36 (KHTML, like Gecko) HeadlessChrome/118.0.0.0 Safari/537.36"
backend-1 | 172.22.0.7 - - [10/Feb/2026:20:29:14 +0000] "POST /api/fails HTTP/1.1" 201 614 "-" "Mozilla/5.0 (X11; Linux x86_64) AppleWebKit/537.36 (KHTML, like Gecko) HeadlessChrome/118.0.0.0 Safari/537.36"
backend-1 | 172.22.0.7 - - [10/Feb/2026:20:29:14 +0000] "GET /api/fails?page=1&limit=10 HTTP/1.1" 200 3120 "-" "Mozilla/5.0 (X11; Linux x86_64) AppleWebKit/537.36 (KHTML, like Gecko) HeadlessChrome/118.0.0.0 Safari/537.36"
gateway-1 | 172.22.0.7 - - [10/Feb/2026:20:29:14 +0000] "GET /api/fails?page=1&limit=10 HTTP/1.1" 200 3120 "-" "Mozilla/5.0 (X11; Linux x86_64) AppleWebKit/537.36 (KHTML, like Gecko) HeadlessChrome/118.0.0.0 Safari/537.36"
backend-1 | ­ƒöì getFailById called with: {
backend-1 | failId: '19feeae6-82ce-4122-b2e3-1cb948ebf0c2',
backend-1 | userId: 'cb1e000e-1bce-4e42-ae20-99509c26901d'
backend-1 | }
backend-1 | ­ƒöì Query:
backend-1 | SELECT
backend-1 | f.*,
backend-1 | p.display_name,
backend-1 | p.avatar_url,
backend-1 | fm.status AS moderation_status,
backend-1 | (SELECT COUNT(*) FROM reactions fr WHERE fr.fail_id = f.id) as reactions_count,
backend-1 | (SELECT COUNT(*) FROM reactions fr WHERE fr.fail_id = f.id AND fr.reaction_type = 'courage') as courage_count,
backend-1 | (SELECT COUNT(*) FROM reactions fr WHERE fr.fail_id = f.id AND fr.reaction_type = 'empathy') as empathy_count,
backend-1 | (SELECT COUNT(*) FROM reactions fr WHERE fr.fail_id = f.id AND fr.reaction_type = 'laugh') as laugh_count,
backend-1 | (SELECT COUNT(*) FROM reactions fr WHERE fr.fail_id = f.id AND fr.reaction_type = 'support') as support_count,
backend-1 | (SELECT COUNT(*) FROM comments fc WHERE fc.fail_id = f.id) as comments_count,
backend-1 | (SELECT reaction_type FROM reactions WHERE fail_id = f.id AND user_id = ?) as user_reaction
backend-1 | FROM fails f
backend-1 | JOIN users u ON f.user_id = u.id
backend-1 | JOIN profiles p ON u.id = p.user_id
backend-1 | LEFT JOIN fail_moderation fm ON fm.fail_id = f.id
backend-1 | WHERE f.id = ? AND (fm.status IS NULL OR fm.status NOT IN ('hidden','rejected') OR f.user_id = ?)
backend-1 |
backend-1 | ­ƒöì Params: [
backend-1 | 'cb1e000e-1bce-4e42-ae20-99509c26901d',
backend-1 | '19feeae6-82ce-4122-b2e3-1cb948ebf0c2',
backend-1 | 'cb1e000e-1bce-4e42-ae20-99509c26901d'
backend-1 | ]
gateway-1 | 172.22.0.7 - - [10/Feb/2026:20:29:14 +0000] "GET /api/fails/19feeae6-82ce-4122-b2e3-1cb948ebf0c2 HTTP/1.1" 200 577 "-" "Mozilla/5.0 (X11; Linux x86_64) AppleWebKit/537.36 (KHTML, like Gecko) HeadlessChrome/118.0.0.0 Safari/537.36"
backend-1 | 172.22.0.7 - - [10/Feb/2026:20:29:14 +0000] "GET /api/fails/19feeae6-82ce-4122-b2e3-1cb948ebf0c2 HTTP/1.1" 200 577 "-" "Mozilla/5.0 (X11; Linux x86_64) AppleWebKit/537.36 (KHTML, like Gecko) HeadlessChrome/118.0.0.0 Safari/537.36"
gateway-1 | 172.22.0.7 - - [10/Feb/2026:20:29:14 +0000] "GET /api/fails/anonymes?page=1&limit=10 HTTP/1.1" 200 3120 "-" "Mozilla/5.0 (X11; Linux x86_64) AppleWebKit/537.36 (KHTML, like Gecko) HeadlessChrome/118.0.0.0 Safari/537.36"
backend-1 | 172.22.0.7 - - [10/Feb/2026:20:29:14 +0000] "GET /api/fails/anonymes?page=1&limit=10 HTTP/1.1" 200 3120 "-" "Mozilla/5.0 (X11; Linux x86_64) AppleWebKit/537.36 (KHTML, like Gecko) HeadlessChrome/118.0.0.0 Safari/537.36"
backend-1 | 172.22.0.7 - - [10/Feb/2026:20:29:14 +0000] "GET /api/fails/categories HTTP/1.1" 200 177 "-" "Mozilla/5.0 (X11; Linux x86_64) AppleWebKit/537.36 (KHTML, like Gecko) HeadlessChrome/118.0.0.0 Safari/537.36"
gateway-1 | 172.22.0.7 - - [10/Feb/2026:20:29:14 +0000] "GET /api/fails/categories HTTP/1.1" 200 177 "-" "Mozilla/5.0 (X11; Linux x86_64) AppleWebKit/537.36 (KHTML, like Gecko) HeadlessChrome/118.0.0.0 Safari/537.36"
gateway-1 | 172.22.0.7 - - [10/Feb/2026:20:29:14 +0000] "GET /api/fails/stats HTTP/1.1" 200 365 "-" "Mozilla/5.0 (X11; Linux x86_64) AppleWebKit/537.36 (KHTML, like Gecko) HeadlessChrome/118.0.0.0 Safari/537.36"
backend-1 | 172.22.0.7 - - [10/Feb/2026:20:29:14 +0000] "GET /api/fails/stats HTTP/1.1" 200 365 "-" "Mozilla/5.0 (X11; Linux x86_64) AppleWebKit/537.36 (KHTML, like Gecko) HeadlessChrome/118.0.0.0 Safari/537.36"
backend-1 | ÔØî Erreur SQL: Incorrect arguments to mysqld_stmt_execute
backend-1 | ­ƒôØ Requ├¬te: [MASQU├ëE EN PRODUCTION]
backend-1 | ­ƒôï Param├¿tres: [ 'cb1e000e-1bce-4e42-ae20-99509c26901d', '%test%', '%test%', 5, 0 ]
backend-1 | ÔØî Erreur recherche fails: Error: Incorrect arguments to mysqld_stmt_execute
backend-1 | at PromisePool.execute (/app/node_modules/mysql2/lib/promise/pool.js:54:22)
backend-1 | at executeQuery (/app/src/config/database.js:106:20)
backend-1 | at searchFails (/app/src/controllers/failsController.js:1031:27)
backend-1 | at Layer.handle [as handle_request] (/app/node_modules/express/lib/router/layer.js:95:5)
backend-1 | at next (/app/node_modules/express/lib/router/route.js:149:13)
backend-1 | at handleValidationErrors (/app/src/middleware/validators.js:25:3)
backend-1 | at Layer.handle [as handle_request] (/app/node_modules/express/lib/router/layer.js:95:5)
backend-1 | at next (/app/node_modules/express/lib/router/route.js:149:13)
backend-1 | at middleware (/app/node_modules/express-validator/lib/middlewares/check.js:16:13)
backend-1 | at process.processTicksAndRejections (node:internal/process/task_queues:105:5) {
backend-1 | code: 'ER_WRONG_ARGUMENTS',
backend-1 | errno: 1210,
backend-1 | sql: '\n' +
backend-1 | ' SELECT \n' +
backend-1 | ' f.*,\n' +
backend-1 | ' p.display_name,\n' +
backend-1 | ' p.avatar_url,\n' +
backend-1 | ' fm.status AS moderation_status,\n' +
backend-1 | ' (SELECT COUNT(*) FROM reactions fr WHERE fr.fail_id = f.id) as reactions_count,\n' +
backend-1 | ' (SELECT COUNT(*) FROM comments fc WHERE fc.fail_id = f.id) as comments_count,\n' +
gateway-1 | 172.22.0.7 - - [10/Feb/2026:20:29:14 +0000] "GET /api/fails/search?q=test&page=1&limit=5 HTTP/1.1" 500 79 "-" "Mozilla/5.0 (X11; Linux x86_64) AppleWebKit/537.36 (KHTML, like Gecko) HeadlessChrome/118.0.0.0 Safari/537.36"
backend-1 | ' (SELECT reaction_type FROM reactions WHERE fail_id = f.id AND user_id = ?) as user_reaction\n' +
backend-1 | ' FROM fails f\n' +
backend-1 | ' JOIN users u ON f.user_id = u.id\n' +
backend-1 | ' JOIN profiles p ON u.id = p.user_id\n' +
backend-1 | ' LEFT JOIN fail_moderation fm ON fm.fail_id = f.id\n' +
backend-1 | ' WHERE (f.title LIKE ? OR f.description LIKE ?)\n' +
backend-1 | " AND (fm.status IS NULL OR fm.status NOT IN ('hidden','rejected'))\n" +
backend-1 | ' ORDER BY f.created_at DESC LIMIT ? OFFSET ?',
backend-1 | sqlState: 'HY000',
backend-1 | sqlMessage: 'Incorrect arguments to mysqld_stmt_execute'
backend-1 | }
backend-1 | 172.22.0.7 - - [10/Feb/2026:20:29:14 +0000] "GET /api/fails/search?q=test&page=1&limit=5 HTTP/1.1" 500 79 "-" "Mozilla/5.0 (X11; Linux x86_64) AppleWebKit/537.36 (KHTML, like Gecko) HeadlessChrome/118.0.0.0 Safari/537.36"
cypress-1 |  1) covers core UI routes + API surface
cypress-1 |
cypress-1 |
cypress-1 |   0 passing (7s)
cypress-1 |  1 failing
cypress-1 |
cypress-1 |  1) FailDaily full app journey (Cypress)
cypress-1 | covers core UI routes + API surface:
cypress-1 |  CypressError: `cy.request()` failed on:
cypress-1 |
cypress-1 | http://gateway/api/fails/search?q=test&page=1&limit=5
cypress-1 |
cypress-1 | The response we received from your web server was:
cypress-1 |
cypress-1 | > 500: Internal Server Error
cypress-1 |
cypress-1 | This was considered a failure because the status code was not `2xx` or `3xx`.
cypress-1 |
cypress-1 | If you do not want status codes to cause failures pass the option: `failOnStatusCode: false`
cypress-1 |
cypress-1 | -----------------------------------------------------------
cypress-1 |
cypress-1 | The request we sent was:
cypress-1 |
cypress-1 | Method: GET
cypress-1 | URL: http://gateway/api/fails/search?q=test&page=1&limit=5
cypress-1 | Headers: {
cypress-1 | "Connection": "keep-alive",
cypress-1 | "Authorization": "Bearer eyJhbGciOiJIUzI1NiIsInR5cCI6IkpXVCJ9.eyJ1c2VySWQiOiJjYjFlMDAwZS0xYmNlLTRlNDItYWUyMC05OTUwOWMyNjkwMWQiLCJlbWFpbCI6ImUyZS4xNzcwNzU1MzQ4NzczQGpvdXJuZXkubG9jYWwiLCJpYXQiOjE3NzA3NTUzNDksImV4cCI6MTc3MDg0MTc0OX0.FPsUq6lm2SL5J3-o4fTQ4NQbBo6_TDp1ryEJcdll9Ng",
cypress-1 | "user-agent": "Mozilla/5.0 (X11; Linux x86_64) AppleWebKit/537.36 (KHTML, like Gecko) HeadlessChrome/118.0.0.0 Safari/537.36",
cypress-1 | "accept": "*/*",
cypress-1 | "accept-encoding": "gzip, deflate"
cypress-1 | }
cypress-1 |
cypress-1 | -----------------------------------------------------------
cypress-1 |
cypress-1 | The response we got was:
cypress-1 |
cypress-1 | Status: 500 - Internal Server Error
cypress-1 | Headers: {
cypress-1 | "server": "nginx/1.27.5",
cypress-1 | "date": "Tue, 10 Feb 2026 20:29:14 GMT",
cypress-1 | "content-type": "application/json; charset=utf-8",
cypress-1 | "content-length": "79",
cypress-1 | "connection": "keep-alive",
cypress-1 | "content-security-policy": "default-src 'self';style-src 'self' 'unsafe-inline' https://fonts.googleapis.com;font-src 'self' https://fonts.gstatic.com;img-src 'self' data: https:;script-src 'self';connect-src 'self';object-src 'none';media-src 'self';frame-src 'none';base-uri 'self';form-action 'self';frame-ancestors 'self';script-src-attr 'none';upgrade-insecure-requests",
cypress-1 | "cross-origin-opener-policy": "same-origin",
cypress-1 | "cross-origin-resource-policy": "same-origin",
cypress-1 | "origin-agent-cluster": "?1",
cypress-1 | "referrer-policy": "same-origin",
cypress-1 | "strict-transport-security": "max-age=31536000; includeSubDomains; preload",
cypress-1 | "x-content-type-options": "nosniff",
cypress-1 | "x-dns-prefetch-control": "off",
cypress-1 | "x-download-options": "noopen",
cypress-1 | "x-frame-options": "DENY",
cypress-1 | "x-permitted-cross-domain-policies": "none",
cypress-1 | "x-xss-protection": "0",
cypress-1 | "vary": "Origin",
cypress-1 | "access-control-allow-credentials": "true",
cypress-1 | "x-ratelimit-limit": "100000",
cypress-1 | "x-ratelimit-remaining": "99973",
cypress-1 | "x-ratelimit-reset": "1770756249",
cypress-1 | "etag": "W/\"4f-mdP0X9HMGwWkW20G/zAul7Hce2Y\""
cypress-1 | }
cypress-1 | Body: {
cypress-1 | "success": false,
cypress-1 | "message": "Erreur lors de la recherche",
cypress-1 | "code": "SEARCH_ERROR"
cypress-1 | }
cypress-1 |
cypress-1 |
cypress-1 | https://on.cypress.io/request
cypress-1 | at (http://gateway/__cypress/runner/cypress_runner.js:132997:72)
cypress-1 | at tryCatcher (http://gateway/__cypress/runner/cypress_runner.js:1807:23)
cypress-1 | at Promise._settlePromiseFromHandler (http://gateway/__cypress/runner/cypress_runner.js:1519:31)
cypress-1 | at Promise._settlePromise (http://gateway/__cypress/runner/cypress_runner.js:1576:18)
cypress-1 | at Promise._settlePromise0 (http://gateway/__cypress/runner/cypress_runner.js:1621:10)
cypress-1 | at Promise._settlePromises (http://gateway/__cypress/runner/cypress_runner.js:1701:18)
cypress-1 | at _drainQueueStep (http://gateway/__cypress/runner/cypress_runner.js:2407:12)
cypress-1 | at _drainQueue (http://gateway/__cypress/runner/cypress_runner.js:2400:9)
cypress-1 | at Async._drainQueues (http://gateway/__cypress/runner/cypress_runner.js:2416:5)
cypress-1 | at Async.drainQueues (http://gateway/__cypress/runner/cypress_runner.js:2286:14)
cypress-1 | From Your Spec Code:
cypress-1 | at Context.eval (webpack://faildaily-e2e/./cypress/e2e/user-journey.cy.js:275:7)
cypress-1 | 
cypress-1 |
cypress-1 |
cypress-1 |
cypress-1 |  (Results)
cypress-1 |
cypress-1 |  ÔöîÔöÇÔöÇÔöÇÔöÇÔöÇÔöÇÔöÇÔöÇÔöÇÔöÇÔöÇÔöÇÔöÇÔöÇÔöÇÔöÇÔöÇÔöÇÔöÇÔöÇÔöÇÔöÇÔöÇÔöÇÔöÇÔöÇÔöÇÔöÇÔöÇÔöÇÔöÇÔöÇÔöÇÔöÇÔöÇÔöÇÔöÇÔöÇÔöÇÔöÇÔöÇÔöÇÔöÇÔöÇÔöÇÔöÇÔöÇÔöÇÔöÇÔöÇÔöÇÔöÇÔöÇÔöÇÔöÇÔöÇÔöÇÔöÇÔöÇÔöÇÔöÇÔöÇÔöÇÔöÇÔöÇÔöÇÔöÇÔöÇÔöÇÔöÇÔöÇÔöÇÔöÇÔöÇÔöÇÔöÇÔöÇÔöÇÔöÇÔöÇÔöÇÔöÇÔöÇÔöÇÔöÇÔöÇÔöÇÔöÇÔöÇÔöÇÔöÇÔöÇÔöÇÔöÇÔöÇÔöÇÔöÉ
cypress-1 |  Ôöé Tests: 1 Ôöé
cypress-1 |  Ôöé Passing: 0 Ôöé
cypress-1 |  Ôöé Failing: 1 Ôöé
cypress-1 |  Ôöé Pending: 0 Ôöé
cypress-1 |  Ôöé Skipped: 0 Ôöé
cypress-1 |  Ôöé Screenshots: 1 Ôöé
cypress-1 |  Ôöé Video: false Ôöé
cypress-1 |  Ôöé Duration: 6 seconds Ôöé
cypress-1 |  Ôöé Spec Ran: user-journey.cy.js Ôöé
cypress-1 |  ÔööÔöÇÔöÇÔöÇÔöÇÔöÇÔöÇÔöÇÔöÇÔöÇÔöÇÔöÇÔöÇÔöÇÔöÇÔöÇÔöÇÔöÇÔöÇÔöÇÔöÇÔöÇÔöÇÔöÇÔöÇÔöÇÔöÇÔöÇÔöÇÔöÇÔöÇÔöÇÔöÇÔöÇÔöÇÔöÇÔöÇÔöÇÔöÇÔöÇÔöÇÔöÇÔöÇÔöÇÔöÇÔöÇÔöÇÔöÇÔöÇÔöÇÔöÇÔöÇÔöÇÔöÇÔöÇÔöÇÔöÇÔöÇÔöÇÔöÇÔöÇÔöÇÔöÇÔöÇÔöÇÔöÇÔöÇÔöÇÔöÇÔöÇÔöÇÔöÇÔöÇÔöÇÔöÇÔöÇÔöÇÔöÇÔöÇÔöÇÔöÇÔöÇÔöÇÔöÇÔöÇÔöÇÔöÇÔöÇÔöÇÔöÇÔöÇÔöÇÔöÇÔöÇÔöÇÔöÇÔöÇÔöÿ
cypress-1 |
cypress-1 |
cypress-1 |  (Screenshots)
cypress-1 |
cypress-1 |   - /e2e/cypress/screenshots/user-journey.cy.js/FailDaily full app journey (Cypress) (1280x599)
cypress-1 |    -- covers core UI routes + API surface (failed).png
cypress-1 |
cypress-1 |
cypress-1 | ====================================================================================================
cypress-1 |
cypress-1 |  (Run Finished)
cypress-1 |
cypress-1 |
cypress-1 |   Spec Tests Passing Failing Pending Skipped  
cypress-1 |  ÔöîÔöÇÔöÇÔöÇÔöÇÔöÇÔöÇÔöÇÔöÇÔöÇÔöÇÔöÇÔöÇÔöÇÔöÇÔöÇÔöÇÔöÇÔöÇÔöÇÔöÇÔöÇÔöÇÔöÇÔöÇÔöÇÔöÇÔöÇÔöÇÔöÇÔöÇÔöÇÔöÇÔöÇÔöÇÔöÇÔöÇÔöÇÔöÇÔöÇÔöÇÔöÇÔöÇÔöÇÔöÇÔöÇÔöÇÔöÇÔöÇÔöÇÔöÇÔöÇÔöÇÔöÇÔöÇÔöÇÔöÇÔöÇÔöÇÔöÇÔöÇÔöÇÔöÇÔöÇÔöÇÔöÇÔöÇÔöÇÔöÇÔöÇÔöÇÔöÇÔöÇÔöÇÔöÇÔöÇÔöÇÔöÇÔöÇÔöÇÔöÇÔöÇÔöÇÔöÇÔöÇÔöÇÔöÇÔöÇÔöÇÔöÇÔöÇÔöÇÔöÇÔöÇÔöÇÔöÇÔöÇÔöÉ
cypress-1 |  Ôöé Ô£û user-journey.cy.js 00:06 1 - 1 - - Ôöé
cypress-1 |  ÔööÔöÇÔöÇÔöÇÔöÇÔöÇÔöÇÔöÇÔöÇÔöÇÔöÇÔöÇÔöÇÔöÇÔöÇÔöÇÔöÇÔöÇÔöÇÔöÇÔöÇÔöÇÔöÇÔöÇÔöÇÔöÇÔöÇÔöÇÔöÇÔöÇÔöÇÔöÇÔöÇÔöÇÔöÇÔöÇÔöÇÔöÇÔöÇÔöÇÔöÇÔöÇÔöÇÔöÇÔöÇÔöÇÔöÇÔöÇÔöÇÔöÇÔöÇÔöÇÔöÇÔöÇÔöÇÔöÇÔöÇÔöÇÔöÇÔöÇÔöÇÔöÇÔöÇÔöÇÔöÇÔöÇÔöÇÔöÇÔöÇÔöÇÔöÇÔöÇÔöÇÔöÇÔöÇÔöÇÔöÇÔöÇÔöÇÔöÇÔöÇÔöÇÔöÇÔöÇÔöÇÔöÇÔöÇÔöÇÔöÇÔöÇÔöÇÔöÇÔöÇÔöÇÔöÇÔöÇÔöÇÔöÿ
cypress-1 |   Ô£û 1 of 1 failed (100%) 00:06 1 - 1 - -  
cypress-1 | Compose Stopping Aborting on container exit... cypress-1 exited with code 1 Container e2e-cypress-1 Stopping Container e2e-cypress-1 Stopped Container e2e-gateway-1 Stopping Container e2e-gateway-1 Stopped Container e2e-frontend-1 Stopping gateway-1 exited with code 0
frontend-1 |
frontend-1 | INFO Gracefully shutting down. Please wait... Container e2e-frontend-1 Stopped Container e2e-backend-1 Stopping frontend-1 exited with code 0
backend-1 |
backend-1 | ­ƒøæ Arr├¬t du serveur demand├®... Container e2e-backend-1 Stopped Container e2e-db-1 Stopping Container e2e-mailhog-1 Stopping backend-1 exited with code 0
db-1 | 2026-02-10T20:29:17.352871Z 0 [System] [MY-013172] [Server] Received SHUTDOWN from user . Shutting down mysqld (Version: 8.0.43). Container e2e-mailhog-1 Stopped mailhog-1 exited with code 2 Container e2e-db-1 Stopped db-1 exited with code 137