> faildaily-e2e@1.0.0 run > docker compose -f ../docker/e2e/docker-compose.yml up --build --abort-on-container-exit --exit-code-from cypress time="2026-02-10T21:28:26+01:00" level=warning msg="D:\\WEB API\\FailDaily\\docker\\e2e\\docker-compose.yml: the attribute `version` is obsolete, it will be ignored, please remove it to avoid potential confusion" Image e2e-backend Building Image e2e-frontend Building #1 [internal] load local bake definitions #1 reading from stdin 993B 0.0s done #1 DONE 0.0s #2 [backend internal] load build definition from backend.prod.Dockerfile #2 transferring dockerfile: 1.98kB 0.0s done #2 DONE 0.0s #3 [frontend internal] load build definition from frontend.prod.Dockerfile #3 transferring dockerfile: 1.95kB 0.0s done #3 DONE 0.0s #4 [frontend internal] load metadata for docker.io/library/node:24.4.1-alpine #4 DONE 0.9s #5 [frontend internal] load metadata for docker.io/library/node:20-alpine #5 DONE 0.9s #6 [backend internal] load .dockerignore #6 transferring context: 2B done #6 DONE 0.0s #7 [frontend internal] load .dockerignore #7 transferring context: 2B done #7 DONE 0.0s #8 [frontend dependencies 1/6] FROM docker.io/library/node:24.4.1-alpine@sha256:820e86612c21d0636580206d802a726f2595366e1b867e564cbc652024151e8a #8 resolve docker.io/library/node:24.4.1-alpine@sha256:820e86612c21d0636580206d802a726f2595366e1b867e564cbc652024151e8a 0.0s done #8 DONE 0.0s #9 [frontend production 1/6] FROM docker.io/library/node:20-alpine@sha256:09e2b3d9726018aecf269bd35325f46bf75046a643a66d28360ec71132750ec8 #9 resolve docker.io/library/node:20-alpine@sha256:09e2b3d9726018aecf269bd35325f46bf75046a643a66d28360ec71132750ec8 0.0s done #9 DONE 0.0s #10 [backend internal] load build context #10 transferring context: 727.58kB 0.4s done #10 DONE 0.5s #11 [frontend internal] load build context #11 transferring context: 16.34kB 0.5s done #11 DONE 0.5s #12 [frontend production 4/6] COPY --from=builder /app/www/ /app/ #12 CACHED #13 [frontend builder 2/13] RUN apk update && apk upgrade && apk add --no-cache python3 make g++ ca-certificates && rm -rf /var/cache/apk/* #13 CACHED #14 [frontend production 2/6] RUN apk update && apk upgrade && apk add --no-cache ca-certificates wget && rm -rf /var/cache/apk/* && npm install -g serve #14 CACHED #15 [frontend builder 11/13] COPY .editorconfig ./ #15 CACHED #16 [frontend production 3/6] RUN addgroup -g 1001 -S appuser && adduser -S appuser -u 1001 #16 CACHED #17 [frontend builder 7/13] COPY tsconfig*.json ./ #17 CACHED #18 [frontend builder 10/13] COPY .browserslistrc ./ #18 CACHED #19 [frontend builder 12/13] COPY .eslintrc.json ./ #19 CACHED #20 [frontend builder 6/13] COPY angular.json ./ #20 CACHED #21 [frontend builder 9/13] COPY src/ ./src/ #21 CACHED #22 [frontend builder 13/13] RUN npm run build --prod && ls -la www/ #22 CACHED #23 [frontend builder 8/13] RUN npm install && npm cache clean --force #23 CACHED #24 [frontend builder 3/13] WORKDIR /app #24 CACHED #25 [frontend production 5/6] WORKDIR /app #25 CACHED #26 [frontend builder 5/13] COPY ionic.config.json ./ #26 CACHED #27 [frontend builder 4/13] COPY package*.json ./ #27 CACHED #28 [frontend production 6/6] RUN chown -R appuser:appuser /app #28 CACHED #29 [backend application 2/7] RUN apk update && apk upgrade && apk add --no-cache dumb-init ca-certificates && rm -rf /var/cache/apk/* #29 CACHED #30 [backend application 4/7] WORKDIR /app #30 CACHED #31 [backend dependencies 2/6] RUN apk update && apk upgrade && apk add --no-cache dumb-init ca-certificates && rm -rf /var/cache/apk/* #31 CACHED #32 [backend application 3/7] RUN addgroup -g 1001 -S nodejs && adduser -S nodejs -u 1001 #32 CACHED #33 [backend application 6/7] COPY --chown=nodejs:nodejs . . #33 CACHED #34 [backend dependencies 4/6] WORKDIR /app #34 CACHED #35 [backend application 5/7] COPY --from=dependencies --chown=nodejs:nodejs /app/node_modules ./node_modules #35 CACHED #36 [backend dependencies 3/6] RUN addgroup -g 1001 -S nodejs && adduser -S nodejs -u 1001 #36 CACHED #37 [backend dependencies 5/6] COPY package*.json ./ #37 CACHED #38 [backend dependencies 6/6] RUN npm install --omit=dev && npm cache clean --force #38 CACHED #39 [backend application 7/7] RUN mkdir -p logs uploads tmp && chown -R nodejs:nodejs logs uploads tmp #39 CACHED #40 [backend] exporting to image #40 exporting layers done #40 exporting manifest sha256:6346a796a387dadad05dc8a2e734e1af2555e5393fb28d6ebdb49bb0a554f511 done #40 exporting config sha256:3fedce42564b8c650824aa19b3da095fcdd6cc8cac383b6765b6a1fbd0bf3278 #40 exporting config sha256:3fedce42564b8c650824aa19b3da095fcdd6cc8cac383b6765b6a1fbd0bf3278 done #40 exporting attestation manifest sha256:3b2997f1fa83703d9c68ff3eb34e12e0adc7c7cbfc420436907d8592a7a7d640 #40 exporting attestation manifest sha256:3b2997f1fa83703d9c68ff3eb34e12e0adc7c7cbfc420436907d8592a7a7d640 0.4s done #40 exporting manifest list sha256:2dd523c05f27defad89248ec097f23c312230e88d6778cad454d4d31c1da88c9 #40 exporting manifest list sha256:2dd523c05f27defad89248ec097f23c312230e88d6778cad454d4d31c1da88c9 0.0s done #40 naming to docker.io/library/e2e-backend:latest done #40 unpacking to docker.io/library/e2e-backend:latest 0.0s done #40 DONE 0.5s #41 [frontend] exporting to image #41 exporting layers done #41 exporting manifest sha256:e0dca3c06403b87e436b7730e3d47f4ed5ed4df027a88f75b0bf5fb784770f30 done #41 exporting config sha256:29adfa749fbbf4c0d524a03b20c19c570936a84f4ab83e418efec1ca4ce80734 done #41 exporting attestation manifest sha256:da8d4d51c9c96221989a1b47dc92c2e2ec8322ddd6832cabf8973064ec063cff 0.4s done #41 exporting manifest list sha256:ecd490e5dbb79cff4675dfbdb77a9a9a2eed32d1bd83bcd18f1bf2b3f04b6bd9 0.0s done #41 naming to docker.io/library/e2e-frontend:latest done #41 unpacking to docker.io/library/e2e-frontend:latest 0.0s done #41 DONE 0.5s #42 [backend] resolving provenance for metadata file #42 DONE 0.0s #43 [frontend] resolving provenance for metadata file #43 DONE 0.0s Image e2e-backend Built Image e2e-frontend Built Network e2e_default Creating Network e2e_default Created Volume e2e_backend_uploads Creating Volume e2e_backend_uploads Created Container e2e-mailhog-1 Creating Container e2e-db-1 Creating Container e2e-mailhog-1 Created Container e2e-db-1 Created Container e2e-backend-1 Creating Container e2e-backend-1 Created Container e2e-frontend-1 Creating Container e2e-frontend-1 Created Container e2e-gateway-1 Creating Container e2e-gateway-1 Created Container e2e-cypress-1 Creating Container e2e-cypress-1 Created Attaching to backend-1, cypress-1, db-1, frontend-1, gateway-1, mailhog-1 Container e2e-db-1 Starting Container e2e-mailhog-1 Starting
mailhog-1 | 2026/02/10 20:28:32 Using in-memory storage
mailhog-1 | [HTTP] Binding to address: 0.0.0.0:8025
mailhog-1 | 2026/02/10 20:28:32 Serving under http://0.0.0.0:8025/
mailhog-1 | Creating API v1 with WebPath:
mailhog-1 | 2026/02/10 20:28:32 [SMTP] Binding to address: 0.0.0.0:1025
mailhog-1 | Creating API v2 with WebPath:
db-1 | 2026-02-10 20:28:32+00:00 [Note] [Entrypoint]: Entrypoint script for MySQL Server 8.0.43-1.el9 started. Container e2e-mailhog-1 Started Container e2e-db-1 Started Container e2e-db-1 Waiting
db-1 | 2026-02-10 20:28:32+00:00 [Note] [Entrypoint]: Switching to dedicated user 'mysql'
db-1 | 2026-02-10 20:28:32+00:00 [Note] [Entrypoint]: Entrypoint script for MySQL Server 8.0.43-1.el9 started.
db-1 | 2026-02-10 20:28:32+00:00 [Note] [Entrypoint]: Initializing database files
db-1 | 2026-02-10T20:28:32.807851Z 0 [Warning] [MY-011068] [Server] The syntax '--skip-host-cache' is deprecated and will be removed in a future release. Please use SET GLOBAL host_cache_size=0 instead.
db-1 | 2026-02-10T20:28:32.807952Z 0 [Warning] [MY-010918] [Server] 'default_authentication_plugin' is deprecated and will be removed in a future release. Please use authentication_policy instead.
db-1 | 2026-02-10T20:28:32.808006Z 0 [System] [MY-013169] [Server] /usr/sbin/mysqld (mysqld 8.0.43) initializing of server in progress as process 79
db-1 | 2026-02-10T20:28:32.815744Z 1 [System] [MY-013576] [InnoDB] InnoDB initialization has started.
db-1 | 2026-02-10T20:28:33.655159Z 1 [System] [MY-013577] [InnoDB] InnoDB initialization has ended.
db-1 | 2026-02-10T20:28:35.703954Z 6 [Warning] [MY-010453] [Server] root@localhost is created with an empty password ! Please consider switching off the --initialize-insecure option.
db-1 | 2026-02-10T20:28:36.206582Z 6 [Warning] [MY-013360] [Server] Plugin mysql_native_password reported: ''mysql_native_password' is deprecated and will be removed in a future release. Please use caching_sha2_password instead'
db-1 | 2026-02-10 20:28:40+00:00 [Note] [Entrypoint]: Database files initialized
db-1 | 2026-02-10 20:28:40+00:00 [Note] [Entrypoint]: Starting temporary server
db-1 | 2026-02-10T20:28:40.526879Z 0 [Warning] [MY-011068] [Server] The syntax '--skip-host-cache' is deprecated and will be removed in a future release. Please use SET GLOBAL host_cache_size=0 instead.
db-1 | 2026-02-10T20:28:40.528879Z 0 [Warning] [MY-010918] [Server] 'default_authentication_plugin' is deprecated and will be removed in a future release. Please use authentication_policy instead.
db-1 | 2026-02-10T20:28:40.528899Z 0 [System] [MY-010116] [Server] /usr/sbin/mysqld (mysqld 8.0.43) starting as process 130
db-1 | 2026-02-10T20:28:40.543422Z 1 [System] [MY-013576] [InnoDB] InnoDB initialization has started.
db-1 | 2026-02-10T20:28:40.767985Z 1 [System] [MY-013577] [InnoDB] InnoDB initialization has ended.
db-1 | 2026-02-10T20:28:41.392441Z 0 [Warning] [MY-010068] [Server] CA certificate ca.pem is self signed.
db-1 | 2026-02-10T20:28:41.392587Z 0 [System] [MY-013602] [Server] Channel mysql_main configured to support TLS. Encrypted connections are now supported for this channel.
db-1 | 2026-02-10T20:28:41.397418Z 0 [Warning] [MY-011810] [Server] Insecure configuration for --pid-file: Location '/var/run/mysqld' in the path is accessible to all OS users. Consider choosing a different directory.
db-1 | 2026-02-10T20:28:41.427037Z 0 [System] [MY-011323] [Server] X Plugin ready for connections. Socket: /var/run/mysqld/mysqlx.sock
db-1 | 2026-02-10T20:28:41.427195Z 0 [System] [MY-010931] [Server] /usr/sbin/mysqld: ready for connections. Version: '8.0.43' socket: '/var/run/mysqld/mysqld.sock' port: 0 MySQL Community Server - GPL.
db-1 | 2026-02-10 20:28:41+00:00 [Note] [Entrypoint]: Temporary server started.
db-1 | '/var/lib/mysql/mysql.sock' -> '/var/run/mysqld/mysqld.sock'
db-1 | 2026-02-10T20:28:41.472024Z 8 [Warning] [MY-013360] [Server] Plugin mysql_native_password reported: ''mysql_native_password' is deprecated and will be removed in a future release. Please use caching_sha2_password instead'
db-1 | Warning: Unable to load '/usr/share/zoneinfo/iso3166.tab' as time zone. Skipping it.
db-1 | Warning: Unable to load '/usr/share/zoneinfo/leap-seconds.list' as time zone. Skipping it.
db-1 | Warning: Unable to load '/usr/share/zoneinfo/leapseconds' as time zone. Skipping it.
db-1 | Warning: Unable to load '/usr/share/zoneinfo/tzdata.zi' as time zone. Skipping it.
db-1 | Warning: Unable to load '/usr/share/zoneinfo/zone.tab' as time zone. Skipping it.
db-1 | Warning: Unable to load '/usr/share/zoneinfo/zone1970.tab' as time zone. Skipping it.
db-1 | 2026-02-10 20:28:43+00:00 [Note] [Entrypoint]: Creating database faildaily
db-1 | 2026-02-10 20:28:44+00:00 [Note] [Entrypoint]: Creating user faildaily_user
db-1 | 2026-02-10 20:28:44+00:00 [Note] [Entrypoint]: Giving user faildaily_user access to schema faildaily
db-1 |
db-1 | 2026-02-10 20:28:44+00:00 [Note] [Entrypoint]: /usr/local/bin/docker-entrypoint.sh: running /docker-entrypoint-initdb.d/01_faildaily.sql
db-1 |
db-1 |
db-1 | 2026-02-10 20:28:48+00:00 [Note] [Entrypoint]: Stopping temporary server
db-1 | 2026-02-10T20:28:48.037410Z 14 [System] [MY-013172] [Server] Received SHUTDOWN from user root. Shutting down mysqld (Version: 8.0.43).
db-1 | 2026-02-10T20:28:51.373687Z 0 [System] [MY-010910] [Server] /usr/sbin/mysqld: Shutdown complete (mysqld 8.0.43) MySQL Community Server - GPL.
db-1 | 2026-02-10 20:28:52+00:00 [Note] [Entrypoint]: Temporary server stopped
db-1 |
db-1 | 2026-02-10 20:28:52+00:00 [Note] [Entrypoint]: MySQL init process done. Ready for start up.
db-1 |
db-1 | 2026-02-10T20:28:52.559708Z 0 [Warning] [MY-011068] [Server] The syntax '--skip-host-cache' is deprecated and will be removed in a future release. Please use SET GLOBAL host_cache_size=0 instead.
db-1 | 2026-02-10T20:28:52.561283Z 0 [Warning] [MY-010918] [Server] 'default_authentication_plugin' is deprecated and will be removed in a future release. Please use authentication_policy instead.
db-1 | 2026-02-10T20:28:52.561316Z 0 [System] [MY-010116] [Server] /usr/sbin/mysqld (mysqld 8.0.43) starting as process 1
db-1 | 2026-02-10T20:28:52.569686Z 1 [System] [MY-013576] [InnoDB] InnoDB initialization has started.
db-1 | 2026-02-10T20:28:52.774507Z 1 [System] [MY-013577] [InnoDB] InnoDB initialization has ended.
db-1 | 2026-02-10T20:28:53.243895Z 0 [Warning] [MY-010068] [Server] CA certificate ca.pem is self signed.
db-1 | 2026-02-10T20:28:53.243970Z 0 [System] [MY-013602] [Server] Channel mysql_main configured to support TLS. Encrypted connections are now supported for this channel.
db-1 | 2026-02-10T20:28:53.247128Z 0 [Warning] [MY-011810] [Server] Insecure configuration for --pid-file: Location '/var/run/mysqld' in the path is accessible to all OS users. Consider choosing a different directory.
db-1 | 2026-02-10T20:28:53.265901Z 0 [System] [MY-011323] [Server] X Plugin ready for connections. Bind-address: '::' port: 33060, socket: /var/run/mysqld/mysqlx.sock
db-1 | 2026-02-10T20:28:53.265984Z 0 [System] [MY-010931] [Server] /usr/sbin/mysqld: ready for connections. Version: '8.0.43' socket: '/var/run/mysqld/mysqld.sock' port: 3306 MySQL Community Server - GPL.
db-1 | 2026-02-10T20:28:57.914212Z 8 [Warning] [MY-013360] [Server] Plugin mysql_native_password reported: ''mysql_native_password' is deprecated and will be removed in a future release. Please use caching_sha2_password instead' Container e2e-db-1 Healthy Container e2e-backend-1 Starting Container e2e-backend-1 Started Container e2e-frontend-1 Starting
backend-1 | ­ƒôª Loaded JWT_SECRET from environment variable
backend-1 | ­ƒôª Loaded DB_HOST from environment variable
backend-1 | ­ƒôª Loaded DB_PORT from environment variable
backend-1 | ­ƒôª Loaded DB_USER from environment variable
backend-1 | ­ƒôª Loaded DB_PASSWORD from environment variable
backend-1 | ­ƒôª Loaded DB_NAME from environment variable
backend-1 | ­ƒôª Loaded LOGS_DB_HOST from environment variable
backend-1 | ­ƒôª Loaded LOGS_DB_PORT from environment variable
backend-1 | ­ƒôª Loaded LOGS_DB_USER from environment variable
backend-1 | ­ƒôª Loaded LOGS_DB_PASSWORD from environment variable
backend-1 | ­ƒôª Loaded LOGS_DB_NAME from environment variable
backend-1 | ­ƒôª Loaded SMTP_HOST from environment variable
backend-1 | ­ƒôª Loaded SMTP_PORT from environment variable
backend-1 | ­ƒôª Loaded SMTP_SECURE from environment variable
backend-1 | ÔÜá´©Å Using default value for SMTP_USER (DEV ONLY)
backend-1 | ÔÜá´©Å Using default value for SMTP_PASS (DEV ONLY)
backend-1 | ­ƒôª Loaded SMTP_FROM from environment variable
backend-1 | ÔÜá´©Å Using default value for OPENAI_API_KEY (DEV ONLY) Container e2e-frontend-1 Started Container e2e-gateway-1 Starting
backend-1 | ?? Logs database disabled (LOGS_DB_DISABLED=true or NODE_ENV=test). Using fallback logging.
gateway-1 | /docker-entrypoint.sh: /docker-entrypoint.d/ is not empty, will attempt to perform configuration
gateway-1 | /docker-entrypoint.sh: Looking for shell scripts in /docker-entrypoint.d/
gateway-1 | /docker-entrypoint.sh: Launching /docker-entrypoint.d/10-listen-on-ipv6-by-default.sh
backend-1 |
backend-1 | (process:7): VIPS-WARNING **: 20:28:58.804: threads clipped to 1024
gateway-1 | 10-listen-on-ipv6-by-default.sh: info: Getting the checksum of /etc/nginx/conf.d/default.conf Container e2e-gateway-1 Started Container e2e-cypress-1 Starting
gateway-1 | 10-listen-on-ipv6-by-default.sh: info: Enabled listen on IPv6 in /etc/nginx/conf.d/default.conf
gateway-1 | /docker-entrypoint.sh: Sourcing /docker-entrypoint.d/15-local-resolvers.envsh
gateway-1 | /docker-entrypoint.sh: Launching /docker-entrypoint.d/20-envsubst-on-templates.sh
gateway-1 | /docker-entrypoint.sh: Launching /docker-entrypoint.d/30-tune-worker-processes.sh
gateway-1 | /docker-entrypoint.sh: Configuration complete; ready for start up
backend-1 | Ô£à leo-profanity initialis├® avec 2730 mots interdits (fr + en + custom)
backend-1 | Ô£à push routes module loaded
backend-1 | ­ƒæÑ follow routes module loaded
backend-1 | ­ƒöö Push routes enabled
backend-1 | ­ƒÄ½ Support routes enabled
backend-1 | ­ƒöÆ Privacy settings routes enabled
backend-1 | ÔÜÖ´©Å Moderation settings routes enabled
backend-1 | ­ƒöä Tentative de connexion MySQL 1/30...
backend-1 | ÔÜá´©Å JWT_SECRET court (< 32 caract├¿res) en mode test
backend-1 | Ô£à Connexion MySQL r├®ussie ├á la base FailDaily (UTF-8 forc├®)
backend-1 | ­ƒôè Base de donn├®es joignable (SELECT 1)
backend-1 | Ô£à Connexion base logs valid├®e
backend-1 | ÔÜá´©Å testLogsConnection: logs database disabled, skipping connection attempt.
backend-1 | ­ƒÜÇ FailDaily API Server d├®marr├® !
backend-1 | ­ƒôí Serveur: http://localhost:3000
backend-1 | ­ƒîì Environment: test
backend-1 | ­ƒùä´©Å Base de donn├®es: faildaily
backend-1 | ­ƒôü Uploads: /app/uploads
backend-1 | Ô£à Pr├¬t ├á recevoir des requ├¬tes ! Container e2e-cypress-1 Started
frontend-1 | INFO Accepting connections at http://localhost:80
cypress-1 | [STARTED] Task without title.
cypress-1 | [SUCCESS] Task without title.
cypress-1 | [315:0210/202902.003081:ERROR:object_proxy.cc(590)] Failed to call method: org.freedesktop.portal.Settings.Read: object_path= /org/freedesktop/portal/desktop: unknown error type:
cypress-1 |
cypress-1 | DevTools listening on ws://127.0.0.1:38977/devtools/browser/e8ba4cd7-3090-49a8-b11c-d86a8e9630c4
backend-1 | ::1 - - [10/Feb/2026:20:29:03 +0000] "GET /api/health HTTP/1.1" 200 93 "-" "-"
frontend-1 | HTTP 2/10/2026 8:29:03 PM ::1 HEAD /
frontend-1 | HTTP 2/10/2026 8:29:03 PM ::1 Returned 200 in 16 ms
cypress-1 |
cypress-1 | ====================================================================================================
cypress-1 |
cypress-1 |  (Run Starting)
cypress-1 |
cypress-1 |  ÔöîÔöÇÔöÇÔöÇÔöÇÔöÇÔöÇÔöÇÔöÇÔöÇÔöÇÔöÇÔöÇÔöÇÔöÇÔöÇÔöÇÔöÇÔöÇÔöÇÔöÇÔöÇÔöÇÔöÇÔöÇÔöÇÔöÇÔöÇÔöÇÔöÇÔöÇÔöÇÔöÇÔöÇÔöÇÔöÇÔöÇÔöÇÔöÇÔöÇÔöÇÔöÇÔöÇÔöÇÔöÇÔöÇÔöÇÔöÇÔöÇÔöÇÔöÇÔöÇÔöÇÔöÇÔöÇÔöÇÔöÇÔöÇÔöÇÔöÇÔöÇÔöÇÔöÇÔöÇÔöÇÔöÇÔöÇÔöÇÔöÇÔöÇÔöÇÔöÇÔöÇÔöÇÔöÇÔöÇÔöÇÔöÇÔöÇÔöÇÔöÇÔöÇÔöÇÔöÇÔöÇÔöÇÔöÇÔöÇÔöÇÔöÇÔöÇÔöÇÔöÇÔöÇÔöÇÔöÇÔöÇÔöÉ
cypress-1 |  Ôöé Cypress: 13.6.2 Ôöé
cypress-1 |  Ôöé Browser: Chrome 118 (headless) Ôöé
cypress-1 |  Ôöé Node Version: v20.10.0 (/usr/local/bin/node) Ôöé
cypress-1 |  Ôöé Specs: 1 found (user-journey.cy.js) Ôöé
cypress-1 |  Ôöé Searched: cypress**/*.cy.{js,jsx,ts,tsx} Ôöé
cypress-1 |  ÔööÔöÇÔöÇÔöÇÔöÇÔöÇÔöÇÔöÇÔöÇÔöÇÔöÇÔöÇÔöÇÔöÇÔöÇÔöÇÔöÇÔöÇÔöÇÔöÇÔöÇÔöÇÔöÇÔöÇÔöÇÔöÇÔöÇÔöÇÔöÇÔöÇÔöÇÔöÇÔöÇÔöÇÔöÇÔöÇÔöÇÔöÇÔöÇÔöÇÔöÇÔöÇÔöÇÔöÇÔöÇÔöÇÔöÇÔöÇÔöÇÔöÇÔöÇÔöÇÔöÇÔöÇÔöÇÔöÇÔöÇÔöÇÔöÇÔöÇÔöÇÔöÇÔöÇÔöÇÔöÇÔöÇÔöÇÔöÇÔöÇÔöÇÔöÇÔöÇÔöÇÔöÇÔöÇÔöÇÔöÇÔöÇÔöÇÔöÇÔöÇÔöÇÔöÇÔöÇÔöÇÔöÇÔöÇÔöÇÔöÇÔöÇÔöÇÔöÇÔöÇÔöÇÔöÇÔöÇÔöÇÔöÿ
cypress-1 |
cypress-1 |
cypress-1 | ÔöÇÔöÇÔöÇÔöÇÔöÇÔöÇÔöÇÔöÇÔöÇÔöÇÔöÇÔöÇÔöÇÔöÇÔöÇÔöÇÔöÇÔöÇÔöÇÔöÇÔöÇÔöÇÔöÇÔöÇÔöÇÔöÇÔöÇÔöÇÔöÇÔöÇÔöÇÔöÇÔöÇÔöÇÔöÇÔöÇÔöÇÔöÇÔöÇÔöÇÔöÇÔöÇÔöÇÔöÇÔöÇÔöÇÔöÇÔöÇÔöÇÔöÇÔöÇÔöÇÔöÇÔöÇÔöÇÔöÇÔöÇÔöÇÔöÇÔöÇÔöÇÔöÇÔöÇÔöÇÔöÇÔöÇÔöÇÔöÇÔöÇÔöÇÔöÇÔöÇÔöÇÔöÇÔöÇÔöÇÔöÇÔöÇÔöÇÔöÇÔöÇÔöÇÔöÇÔöÇÔöÇÔöÇÔöÇÔöÇÔöÇÔöÇÔöÇÔöÇÔöÇÔöÇÔöÇÔöÇÔöÇÔöÇÔöÇÔöÇ
cypress-1 |
cypress-1 | Running: user-journey.cy.js (1 of 1)
cypress-1 |
cypress-1 | 
cypress-1 |  FailDaily full app journey (Cypress)
gateway-1 | 172.22.0.7 - - [10/Feb/2026:20:29:08 +0000] "GET /api/health HTTP/1.1" 200 93 "-" "Mozilla/5.0 (X11; Linux x86_64) AppleWebKit/537.36 (KHTML, like Gecko) HeadlessChrome/118.0.0.0 Safari/537.36"
backend-1 | 172.22.0.7 - - [10/Feb/2026:20:29:08 +0000] "GET /api/health HTTP/1.1" 200 93 "-" "Mozilla/5.0 (X11; Linux x86_64) AppleWebKit/537.36 (KHTML, like Gecko) HeadlessChrome/118.0.0.0 Safari/537.36"
backend-1 | 172.22.0.7 - - [10/Feb/2026:20:29:08 +0000] "GET /api/info HTTP/1.1" 200 63 "-" "Mozilla/5.0 (X11; Linux x86_64) AppleWebKit/537.36 (KHTML, like Gecko) HeadlessChrome/118.0.0.0 Safari/537.36"
gateway-1 | 172.22.0.7 - - [10/Feb/2026:20:29:08 +0000] "GET /api/info HTTP/1.1" 200 63 "-" "Mozilla/5.0 (X11; Linux x86_64) AppleWebKit/537.36 (KHTML, like Gecko) HeadlessChrome/118.0.0.0 Safari/537.36"
backend-1 | ÔØî Erreur SQL: Duplicate key name 'idx_profiles_display_name'
backend-1 | ­ƒôØ Requ├¬te: [MASQU├ëE EN PRODUCTION]
backend-1 | ­ƒôï Param├¿tres: []
backend-1 | ÔØî Erreur SQL: Duplicate key name 'idx_profiles_registration'
backend-1 | ­ƒôØ Requ├¬te: [MASQU├ëE EN PRODUCTION]
backend-1 | ­ƒôï Param├¿tres: []
backend-1 | ­ƒöä Transaction d├®marr├®e
backend-1 | Ô£à Requ├¬te 1/2 ex├®cut├®e
backend-1 | Ô£à Requ├¬te 2/2 ex├®cut├®e
backend-1 | Ô£à Transaction valid├®e
backend-1 | ÔÜá´©Å Logs database disabled, writing log to fallback file only.
backend-1 | ­ƒôü Log sauv├® en fallback fichier
gateway-1 | 172.22.0.7 - - [10/Feb/2026:20:29:09 +0000] "POST /api/auth/register HTTP/1.1" 201 568 "-" "Mozilla/5.0 (X11; Linux x86_64) AppleWebKit/537.36 (KHTML, like Gecko) HeadlessChrome/118.0.0.0 Safari/537.36"
backend-1 | 172.22.0.7 - - [10/Feb/2026:20:29:09 +0000] "POST /api/auth/register HTTP/1.1" 201 568 "-" "Mozilla/5.0 (X11; Linux x86_64) AppleWebKit/537.36 (KHTML, like Gecko) HeadlessChrome/118.0.0.0 Safari/537.36"
backend-1 | ÔØî Erreur SQL: Duplicate key name 'uniq_profiles_username'
backend-1 | ­ƒôØ Requ├¬te: [MASQU├ëE EN PRODUCTION]
backend-1 | ­ƒôï Param├¿tres: []
backend-1 | ÔØî Erreur SQL: Duplicate key name 'idx_profiles_display_name'
backend-1 | ­ƒôØ Requ├¬te: [MASQU├ëE EN PRODUCTION]
backend-1 | ­ƒôï Param├¿tres: []
backend-1 | ÔØî Erreur SQL: Duplicate key name 'idx_profiles_registration'
backend-1 | ­ƒôØ Requ├¬te: [MASQU├ëE EN PRODUCTION]
backend-1 | ­ƒôï Param├¿tres: []
backend-1 | ­ƒöä Transaction d├®marr├®e
backend-1 | Ô£à Requ├¬te 1/2 ex├®cut├®e
backend-1 | Ô£à Requ├¬te 2/2 ex├®cut├®e
backend-1 | Ô£à Transaction valid├®e
backend-1 | ÔÜá´©Å Logs database disabled, writing log to fallback file only.
backend-1 | ­ƒôü Log sauv├® en fallback fichier
gateway-1 | 172.22.0.7 - - [10/Feb/2026:20:29:10 +0000] "POST /api/auth/register HTTP/1.1" 201 568 "-" "Mozilla/5.0 (X11; Linux x86_64) AppleWebKit/537.36 (KHTML, like Gecko) HeadlessChrome/118.0.0.0 Safari/537.36"
backend-1 | 172.22.0.7 - - [10/Feb/2026:20:29:10 +0000] "POST /api/auth/register HTTP/1.1" 201 568 "-" "Mozilla/5.0 (X11; Linux x86_64) AppleWebKit/537.36 (KHTML, like Gecko) HeadlessChrome/118.0.0.0 Safari/537.36"
frontend-1 | HTTP 2/10/2026 8:29:10 PM 172.22.0.6 GET /auth/login
frontend-1 | HTTP 2/10/2026 8:29:10 PM 172.22.0.6 Returned 200 in 2 ms
gateway-1 | 172.22.0.7 - - [10/Feb/2026:20:29:10 +0000] "GET /auth/login HTTP/1.1" 200 29846 "-" "Mozilla/5.0 (X11; Linux x86_64) AppleWebKit/537.36 (KHTML, like Gecko) HeadlessChrome/118.0.0.0 Safari/537.36"
frontend-1 | HTTP 2/10/2026 8:29:10 PM 172.22.0.6 GET /chunk-TQVCQP2M.js
frontend-1 | HTTP 2/10/2026 8:29:10 PM 172.22.0.6 Returned 200 in 5 ms
gateway-1 | 172.22.0.7 - - [10/Feb/2026:20:29:10 +0000] "GET /chunk-TQVCQP2M.js HTTP/1.1" 200 1333 "http://gateway/auth/login" "Mozilla/5.0 (X11; Linux x86_64) AppleWebKit/537.36 (KHTML, like Gecko) HeadlessChrome/118.0.0.0 Safari/537.36"
frontend-1 | HTTP 2/10/2026 8:29:10 PM 172.22.0.6 GET /chunk-CXGIP4QY.js
frontend-1 | HTTP 2/10/2026 8:29:10 PM 172.22.0.6 GET /chunk-RQMOGROA.js
frontend-1 | HTTP 2/10/2026 8:29:10 PM 172.22.0.6 GET /chunk-Z7PFA2MG.js
frontend-1 | HTTP 2/10/2026 8:29:10 PM 172.22.0.6 GET /chunk-UQ3UKS7I.js
frontend-1 | HTTP 2/10/2026 8:29:10 PM 172.22.0.6 GET /chunk-WJKQP4JF.js
frontend-1 | HTTP 2/10/2026 8:29:10 PM 172.22.0.6 Returned 200 in 8 ms
frontend-1 | HTTP 2/10/2026 8:29:10 PM 172.22.0.6 Returned 200 in 9 ms
frontend-1 | HTTP 2/10/2026 8:29:10 PM 172.22.0.6 Returned 200 in 12 ms
gateway-1 | 172.22.0.7 - - [10/Feb/2026:20:29:10 +0000] "GET /chunk-Z7PFA2MG.js HTTP/1.1" 200 984 "http://gateway/auth/login" "Mozilla/5.0 (X11; Linux x86_64) AppleWebKit/537.36 (KHTML, like Gecko) HeadlessChrome/118.0.0.0 Safari/537.36"
gateway-1 | 172.22.0.7 - - [10/Feb/2026:20:29:10 +0000] "GET /chunk-CXGIP4QY.js HTTP/1.1" 200 4840 "http://gateway/auth/login" "Mozilla/5.0 (X11; Linux x86_64) AppleWebKit/537.36 (KHTML, like Gecko) HeadlessChrome/118.0.0.0 Safari/537.36"
gateway-1 | 172.22.0.7 - - [10/Feb/2026:20:29:10 +0000] "GET /chunk-RQMOGROA.js HTTP/1.1" 200 659 "http://gateway/auth/login" "Mozilla/5.0 (X11; Linux x86_64) AppleWebKit/537.36 (KHTML, like Gecko) HeadlessChrome/118.0.0.0 Safari/537.36"
frontend-1 | HTTP 2/10/2026 8:29:10 PM 172.22.0.6 Returned 200 in 18 ms
frontend-1 | HTTP 2/10/2026 8:29:10 PM 172.22.0.6 GET /media/comfortaa-latin-400-normal-FDM35OHX.woff2
frontend-1 | HTTP 2/10/2026 8:29:10 PM 172.22.0.6 Returned 200 in 5 ms
gateway-1 | 172.22.0.7 - - [10/Feb/2026:20:29:10 +0000] "GET /media/comfortaa-latin-400-normal-FDM35OHX.woff2 HTTP/1.1" 200 13576 "http://gateway/auth/login" "Mozilla/5.0 (X11; Linux x86_64) AppleWebKit/537.36 (KHTML, like Gecko) HeadlessChrome/118.0.0.0 Safari/537.36"
gateway-1 | 172.22.0.7 - - [10/Feb/2026:20:29:10 +0000] "GET /chunk-UQ3UKS7I.js HTTP/1.1" 200 15013 "http://gateway/auth/login" "Mozilla/5.0 (X11; Linux x86_64) AppleWebKit/537.36 (KHTML, like Gecko) HeadlessChrome/118.0.0.0 Safari/537.36"
frontend-1 | HTTP 2/10/2026 8:29:10 PM 172.22.0.6 Returned 200 in 28 ms
frontend-1 | HTTP 2/10/2026 8:29:10 PM 172.22.0.6 GET /chunk-SIIYUJ4M.js
frontend-1 | HTTP 2/10/2026 8:29:10 PM 172.22.0.6 GET /chunk-IDVBZT4Q.js
frontend-1 | HTTP 2/10/2026 8:29:10 PM 172.22.0.6 Returned 200 in 6 ms
frontend-1 | HTTP 2/10/2026 8:29:10 PM 172.22.0.6 Returned 200 in 5 ms
gateway-1 | 172.22.0.7 - - [10/Feb/2026:20:29:10 +0000] "GET /chunk-IDVBZT4Q.js HTTP/1.1" 200 6699 "http://gateway/auth/login" "Mozilla/5.0 (X11; Linux x86_64) AppleWebKit/537.36 (KHTML, like Gecko) HeadlessChrome/118.0.0.0 Safari/537.36"
gateway-1 | 172.22.0.7 - - [10/Feb/2026:20:29:10 +0000] "GET /chunk-WJKQP4JF.js HTTP/1.1" 200 205882 "http://gateway/auth/login" "Mozilla/5.0 (X11; Linux x86_64) AppleWebKit/537.36 (KHTML, like Gecko) HeadlessChrome/118.0.0.0 Safari/537.36"
frontend-1 | HTTP 2/10/2026 8:29:10 PM 172.22.0.6 GET /chunk-4YGS74V5.js
frontend-1 | HTTP 2/10/2026 8:29:10 PM 172.22.0.6 Returned 200 in 2 ms
gateway-1 | 172.22.0.7 - - [10/Feb/2026:20:29:10 +0000] "GET /chunk-4YGS74V5.js HTTP/1.1" 200 3392 "http://gateway/auth/login" "Mozilla/5.0 (X11; Linux x86_64) AppleWebKit/537.36 (KHTML, like Gecko) HeadlessChrome/118.0.0.0 Safari/537.36"
frontend-1 | HTTP 2/10/2026 8:29:10 PM 172.22.0.6 GET /chunk-YQWPADDO.js
frontend-1 | HTTP 2/10/2026 8:29:10 PM 172.22.0.6 Returned 200 in 2 ms
gateway-1 | 172.22.0.7 - - [10/Feb/2026:20:29:10 +0000] "GET /chunk-YQWPADDO.js HTTP/1.1" 200 1398 "http://gateway/auth/login" "Mozilla/5.0 (X11; Linux x86_64) AppleWebKit/537.36 (KHTML, like Gecko) HeadlessChrome/118.0.0.0 Safari/537.36"
gateway-1 | 172.22.0.7 - - [10/Feb/2026:20:29:10 +0000] "GET /chunk-SIIYUJ4M.js HTTP/1.1" 200 120776 "http://gateway/auth/login" "Mozilla/5.0 (X11; Linux x86_64) AppleWebKit/537.36 (KHTML, like Gecko) HeadlessChrome/118.0.0.0 Safari/537.36"
frontend-1 | HTTP 2/10/2026 8:29:10 PM 172.22.0.6 GET /polyfills-TDCRLYKL.js
frontend-1 | HTTP 2/10/2026 8:29:10 PM 172.22.0.6 GET /main-KS4NMWS4.js
frontend-1 | HTTP 2/10/2026 8:29:10 PM 172.22.0.6 Returned 200 in 3 ms
frontend-1 | HTTP 2/10/2026 8:29:10 PM 172.22.0.6 Returned 200 in 2 ms
gateway-1 | 172.22.0.7 - - [10/Feb/2026:20:29:10 +0000] "GET /polyfills-TDCRLYKL.js HTTP/1.1" 200 12528 "http://gateway/auth/login" "Mozilla/5.0 (X11; Linux x86_64) AppleWebKit/537.36 (KHTML, like Gecko) HeadlessChrome/118.0.0.0 Safari/537.36"
gateway-1 | 172.22.0.7 - - [10/Feb/2026:20:29:10 +0000] "GET /main-KS4NMWS4.js HTTP/1.1" 200 5509 "http://gateway/auth/login" "Mozilla/5.0 (X11; Linux x86_64) AppleWebKit/537.36 (KHTML, like Gecko) HeadlessChrome/118.0.0.0 Safari/537.36"
frontend-1 | HTTP 2/10/2026 8:29:10 PM 172.22.0.6 GET /styles-TXR43TPT.css
frontend-1 | HTTP 2/10/2026 8:29:10 PM 172.22.0.6 Returned 200 in 2 ms
gateway-1 | 172.22.0.7 - - [10/Feb/2026:20:29:10 +0000] "GET /styles-TXR43TPT.css HTTP/1.1" 200 13920 "http://gateway/auth/login" "Mozilla/5.0 (X11; Linux x86_64) AppleWebKit/537.36 (KHTML, like Gecko) HeadlessChrome/118.0.0.0 Safari/537.36"
frontend-1 | HTTP 2/10/2026 8:29:10 PM 172.22.0.6 GET /chunk-LVVUCCCF.js
frontend-1 | HTTP 2/10/2026 8:29:10 PM 172.22.0.6 GET /chunk-R7G52WMB.js
frontend-1 | HTTP 2/10/2026 8:29:10 PM 172.22.0.6 Returned 200 in 2 ms
frontend-1 | HTTP 2/10/2026 8:29:10 PM 172.22.0.6 GET /chunk-DME4A62H.js
frontend-1 | HTTP 2/10/2026 8:29:10 PM 172.22.0.6 Returned 200 in 2 ms
frontend-1 | HTTP 2/10/2026 8:29:10 PM 172.22.0.6 GET /chunk-QUJFQN2Y.js
gateway-1 | 172.22.0.7 - - [10/Feb/2026:20:29:10 +0000] "GET /chunk-LVVUCCCF.js HTTP/1.1" 200 13427 "http://gateway/main-KS4NMWS4.js" "Mozilla/5.0 (X11; Linux x86_64) AppleWebKit/537.36 (KHTML, like Gecko) HeadlessChrome/118.0.0.0 Safari/537.36"
gateway-1 | 172.22.0.7 - - [10/Feb/2026:20:29:10 +0000] "GET /chunk-DME4A62H.js HTTP/1.1" 200 1471 "http://gateway/main-KS4NMWS4.js" "Mozilla/5.0 (X11; Linux x86_64) AppleWebKit/537.36 (KHTML, like Gecko) HeadlessChrome/118.0.0.0 Safari/537.36"
frontend-1 | HTTP 2/10/2026 8:29:10 PM 172.22.0.6 Returned 200 in 8 ms
frontend-1 | HTTP 2/10/2026 8:29:10 PM 172.22.0.6 Returned 200 in 3 ms
gateway-1 | 172.22.0.7 - - [10/Feb/2026:20:29:10 +0000] "GET /chunk-QUJFQN2Y.js HTTP/1.1" 200 962 "http://gateway/main-KS4NMWS4.js" "Mozilla/5.0 (X11; Linux x86_64) AppleWebKit/537.36 (KHTML, like Gecko) HeadlessChrome/118.0.0.0 Safari/537.36"
gateway-1 | 172.22.0.7 - - [10/Feb/2026:20:29:10 +0000] "GET /chunk-R7G52WMB.js HTTP/1.1" 200 119966 "http://gateway/main-KS4NMWS4.js" "Mozilla/5.0 (X11; Linux x86_64) AppleWebKit/537.36 (KHTML, like Gecko) HeadlessChrome/118.0.0.0 Safari/537.36"
frontend-1 | HTTP 2/10/2026 8:29:10 PM 172.22.0.6 GET /chunk-S5EV7KZN.js
frontend-1 | HTTP 2/10/2026 8:29:10 PM 172.22.0.6 Returned 200 in 3 ms
gateway-1 | 172.22.0.7 - - [10/Feb/2026:20:29:10 +0000] "GET /chunk-S5EV7KZN.js HTTP/1.1" 200 881 "http://gateway/main-KS4NMWS4.js" "Mozilla/5.0 (X11; Linux x86_64) AppleWebKit/537.36 (KHTML, like Gecko) HeadlessChrome/118.0.0.0 Safari/537.36"
frontend-1 | HTTP 2/10/2026 8:29:10 PM 172.22.0.6 GET /chunk-WOHOZJ2O.js
frontend-1 | HTTP 2/10/2026 8:29:10 PM 172.22.0.6 Returned 200 in 3 ms
gateway-1 | 172.22.0.7 - - [10/Feb/2026:20:29:10 +0000] "GET /chunk-WOHOZJ2O.js HTTP/1.1" 200 2820 "http://gateway/main-KS4NMWS4.js" "Mozilla/5.0 (X11; Linux x86_64) AppleWebKit/537.36 (KHTML, like Gecko) HeadlessChrome/118.0.0.0 Safari/537.36"
frontend-1 | HTTP 2/10/2026 8:29:10 PM 172.22.0.6 GET /chunk-XS7GLJBU.js
frontend-1 | HTTP 2/10/2026 8:29:10 PM 172.22.0.6 Returned 200 in 1 ms
gateway-1 | 172.22.0.7 - - [10/Feb/2026:20:29:10 +0000] "GET /chunk-XS7GLJBU.js HTTP/1.1" 200 790 "http://gateway/main-KS4NMWS4.js" "Mozilla/5.0 (X11; Linux x86_64) AppleWebKit/537.36 (KHTML, like Gecko) HeadlessChrome/118.0.0.0 Safari/537.36"
frontend-1 | HTTP 2/10/2026 8:29:10 PM 172.22.0.6 GET /chunk-55XXYEDJ.js
frontend-1 | HTTP 2/10/2026 8:29:10 PM 172.22.0.6 Returned 200 in 2 ms
frontend-1 | HTTP 2/10/2026 8:29:10 PM 172.22.0.6 GET /chunk-NREP243K.js
gateway-1 | 172.22.0.7 - - [10/Feb/2026:20:29:10 +0000] "GET /chunk-55XXYEDJ.js HTTP/1.1" 200 563 "http://gateway/main-KS4NMWS4.js" "Mozilla/5.0 (X11; Linux x86_64) AppleWebKit/537.36 (KHTML, like Gecko) HeadlessChrome/118.0.0.0 Safari/537.36"
frontend-1 | HTTP 2/10/2026 8:29:10 PM 172.22.0.6 Returned 200 in 3 ms
gateway-1 | 172.22.0.7 - - [10/Feb/2026:20:29:10 +0000] "GET /chunk-NREP243K.js HTTP/1.1" 200 3028 "http://gateway/main-KS4NMWS4.js" "Mozilla/5.0 (X11; Linux x86_64) AppleWebKit/537.36 (KHTML, like Gecko) HeadlessChrome/118.0.0.0 Safari/537.36"
frontend-1 | HTTP 2/10/2026 8:29:10 PM 172.22.0.6 GET /chunk-3AY2AQUI.js
frontend-1 | HTTP 2/10/2026 8:29:10 PM 172.22.0.6 Returned 200 in 1 ms
gateway-1 | 172.22.0.7 - - [10/Feb/2026:20:29:10 +0000] "GET /chunk-3AY2AQUI.js HTTP/1.1" 200 969 "http://gateway/main-KS4NMWS4.js" "Mozilla/5.0 (X11; Linux x86_64) AppleWebKit/537.36 (KHTML, like Gecko) HeadlessChrome/118.0.0.0 Safari/537.36"
frontend-1 | HTTP 2/10/2026 8:29:10 PM 172.22.0.6 GET /chunk-I4ELRVSX.js
frontend-1 | HTTP 2/10/2026 8:29:10 PM 172.22.0.6 Returned 200 in 2 ms
gateway-1 | 172.22.0.7 - - [10/Feb/2026:20:29:10 +0000] "GET /chunk-I4ELRVSX.js HTTP/1.1" 200 1606 "http://gateway/main-KS4NMWS4.js" "Mozilla/5.0 (X11; Linux x86_64) AppleWebKit/537.36 (KHTML, like Gecko) HeadlessChrome/118.0.0.0 Safari/537.36"
frontend-1 | HTTP 2/10/2026 8:29:10 PM 172.22.0.6 GET /chunk-PRSJLVFS.js
frontend-1 | HTTP 2/10/2026 8:29:10 PM 172.22.0.6 Returned 200 in 3 ms
gateway-1 | 172.22.0.7 - - [10/Feb/2026:20:29:10 +0000] "GET /chunk-PRSJLVFS.js HTTP/1.1" 200 2397 "http://gateway/main-KS4NMWS4.js" "Mozilla/5.0 (X11; Linux x86_64) AppleWebKit/537.36 (KHTML, like Gecko) HeadlessChrome/118.0.0.0 Safari/537.36"
frontend-1 | HTTP 2/10/2026 8:29:10 PM 172.22.0.6 GET /chunk-FPXFMU7X.js
frontend-1 | HTTP 2/10/2026 8:29:10 PM 172.22.0.6 Returned 200 in 3 ms
gateway-1 | 172.22.0.7 - - [10/Feb/2026:20:29:10 +0000] "GET /chunk-FPXFMU7X.js HTTP/1.1" 200 877 "http://gateway/main-KS4NMWS4.js" "Mozilla/5.0 (X11; Linux x86_64) AppleWebKit/537.36 (KHTML, like Gecko) HeadlessChrome/118.0.0.0 Safari/537.36"
frontend-1 | HTTP 2/10/2026 8:29:10 PM 172.22.0.6 GET /chunk-3XMDMJG6.js
frontend-1 | HTTP 2/10/2026 8:29:10 PM 172.22.0.6 Returned 200 in 2 ms
gateway-1 | 172.22.0.7 - - [10/Feb/2026:20:29:10 +0000] "GET /chunk-3XMDMJG6.js HTTP/1.1" 200 99 "http://gateway/main-KS4NMWS4.js" "Mozilla/5.0 (X11; Linux x86_64) AppleWebKit/537.36 (KHTML, like Gecko) HeadlessChrome/118.0.0.0 Safari/537.36"
frontend-1 | HTTP 2/10/2026 8:29:10 PM 172.22.0.6 GET /chunk-PQRHAX7B.js
frontend-1 | HTTP 2/10/2026 8:29:10 PM 172.22.0.6 Returned 200 in 2 ms
frontend-1 | HTTP 2/10/2026 8:29:10 PM 172.22.0.6 GET /chunk-VMBGGJVL.js
gateway-1 | 172.22.0.7 - - [10/Feb/2026:20:29:10 +0000] "GET /chunk-PQRHAX7B.js HTTP/1.1" 200 3254 "http://gateway/main-KS4NMWS4.js" "Mozilla/5.0 (X11; Linux x86_64) AppleWebKit/537.36 (KHTML, like Gecko) HeadlessChrome/118.0.0.0 Safari/537.36"
frontend-1 | HTTP 2/10/2026 8:29:10 PM 172.22.0.6 Returned 200 in 2 ms
gateway-1 | 172.22.0.7 - - [10/Feb/2026:20:29:10 +0000] "GET /chunk-VMBGGJVL.js HTTP/1.1" 200 1183 "http://gateway/main-KS4NMWS4.js" "Mozilla/5.0 (X11; Linux x86_64) AppleWebKit/537.36 (KHTML, like Gecko) HeadlessChrome/118.0.0.0 Safari/537.36"
frontend-1 | HTTP 2/10/2026 8:29:10 PM 172.22.0.6 GET /chunk-YZJNGCFL.js
frontend-1 | HTTP 2/10/2026 8:29:10 PM 172.22.0.6 Returned 200 in 2 ms
gateway-1 | 172.22.0.7 - - [10/Feb/2026:20:29:10 +0000] "GET /chunk-YZJNGCFL.js HTTP/1.1" 200 1480 "http://gateway/main-KS4NMWS4.js" "Mozilla/5.0 (X11; Linux x86_64) AppleWebKit/537.36 (KHTML, like Gecko) HeadlessChrome/118.0.0.0 Safari/537.36"
frontend-1 | HTTP 2/10/2026 8:29:10 PM 172.22.0.6 GET /chunk-MTHZ7MWU.js
frontend-1 | HTTP 2/10/2026 8:29:10 PM 172.22.0.6 Returned 200 in 1 ms
gateway-1 | 172.22.0.7 - - [10/Feb/2026:20:29:10 +0000] "GET /chunk-MTHZ7MWU.js HTTP/1.1" 200 1667 "http://gateway/main-KS4NMWS4.js" "Mozilla/5.0 (X11; Linux x86_64) AppleWebKit/537.36 (KHTML, like Gecko) HeadlessChrome/118.0.0.0 Safari/537.36"
frontend-1 | HTTP 2/10/2026 8:29:10 PM 172.22.0.6 GET /chunk-WI5MSH4N.js
frontend-1 | HTTP 2/10/2026 8:29:10 PM 172.22.0.6 Returned 200 in 1 ms
frontend-1 | HTTP 2/10/2026 8:29:10 PM 172.22.0.6 GET /chunk-RHGO3PON.js
gateway-1 | 172.22.0.7 - - [10/Feb/2026:20:29:10 +0000] "GET /chunk-WI5MSH4N.js HTTP/1.1" 200 843 "http://gateway/main-KS4NMWS4.js" "Mozilla/5.0 (X11; Linux x86_64) AppleWebKit/537.36 (KHTML, like Gecko) HeadlessChrome/118.0.0.0 Safari/537.36"
frontend-1 | HTTP 2/10/2026 8:29:10 PM 172.22.0.6 Returned 200 in 1 ms
gateway-1 | 172.22.0.7 - - [10/Feb/2026:20:29:10 +0000] "GET /chunk-RHGO3PON.js HTTP/1.1" 200 978 "http://gateway/main-KS4NMWS4.js" "Mozilla/5.0 (X11; Linux x86_64) AppleWebKit/537.36 (KHTML, like Gecko) HeadlessChrome/118.0.0.0 Safari/537.36"
frontend-1 | HTTP 2/10/2026 8:29:10 PM 172.22.0.6 GET /chunk-CKP3SGE2.js
frontend-1 | HTTP 2/10/2026 8:29:10 PM 172.22.0.6 GET /chunk-H5FBEQBZ.js
frontend-1 | HTTP 2/10/2026 8:29:10 PM 172.22.0.6 Returned 200 in 2 ms
gateway-1 | 172.22.0.7 - - [10/Feb/2026:20:29:10 +0000] "GET /chunk-CKP3SGE2.js HTTP/1.1" 200 99 "http://gateway/main-KS4NMWS4.js" "Mozilla/5.0 (X11; Linux x86_64) AppleWebKit/537.36 (KHTML, like Gecko) HeadlessChrome/118.0.0.0 Safari/537.36"
frontend-1 | HTTP 2/10/2026 8:29:10 PM 172.22.0.6 Returned 200 in 3 ms
frontend-1 | HTTP 2/10/2026 8:29:10 PM 172.22.0.6 GET /chunk-6XJOYIFJ.js
gateway-1 | 172.22.0.7 - - [10/Feb/2026:20:29:10 +0000] "GET /chunk-H5FBEQBZ.js HTTP/1.1" 200 16618 "http://gateway/main-KS4NMWS4.js" "Mozilla/5.0 (X11; Linux x86_64) AppleWebKit/537.36 (KHTML, like Gecko) HeadlessChrome/118.0.0.0 Safari/537.36"
frontend-1 | HTTP 2/10/2026 8:29:10 PM 172.22.0.6 Returned 200 in 3 ms
frontend-1 | HTTP 2/10/2026 8:29:10 PM 172.22.0.6 GET /chunk-WYVYSJQN.js
gateway-1 | 172.22.0.7 - - [10/Feb/2026:20:29:10 +0000] "GET /chunk-6XJOYIFJ.js HTTP/1.1" 200 3015 "http://gateway/main-KS4NMWS4.js" "Mozilla/5.0 (X11; Linux x86_64) AppleWebKit/537.36 (KHTML, like Gecko) HeadlessChrome/118.0.0.0 Safari/537.36"
frontend-1 | HTTP 2/10/2026 8:29:10 PM 172.22.0.6 Returned 200 in 4 ms
gateway-1 | 172.22.0.7 - - [10/Feb/2026:20:29:10 +0000] "GET /chunk-WYVYSJQN.js HTTP/1.1" 200 936 "http://gateway/main-KS4NMWS4.js" "Mozilla/5.0 (X11; Linux x86_64) AppleWebKit/537.36 (KHTML, like Gecko) HeadlessChrome/118.0.0.0 Safari/537.36"
frontend-1 | HTTP 2/10/2026 8:29:10 PM 172.22.0.6 GET /chunk-QEMOE4HY.js
frontend-1 | HTTP 2/10/2026 8:29:10 PM 172.22.0.6 Returned 200 in 2 ms
gateway-1 | 172.22.0.7 - - [10/Feb/2026:20:29:10 +0000] "GET /chunk-QEMOE4HY.js HTTP/1.1" 200 3830 "http://gateway/main-KS4NMWS4.js" "Mozilla/5.0 (X11; Linux x86_64) AppleWebKit/537.36 (KHTML, like Gecko) HeadlessChrome/118.0.0.0 Safari/537.36"
frontend-1 | HTTP 2/10/2026 8:29:10 PM 172.22.0.6 GET /chunk-73IIU4GO.js
frontend-1 | HTTP 2/10/2026 8:29:10 PM 172.22.0.6 Returned 200 in 2 ms
frontend-1 | HTTP 2/10/2026 8:29:10 PM 172.22.0.6 GET /chunk-U6X5N3E5.js
gateway-1 | 172.22.0.7 - - [10/Feb/2026:20:29:10 +0000] "GET /chunk-73IIU4GO.js HTTP/1.1" 200 21091 "http://gateway/main-KS4NMWS4.js" "Mozilla/5.0 (X11; Linux x86_64) AppleWebKit/537.36 (KHTML, like Gecko) HeadlessChrome/118.0.0.0 Safari/537.36"
frontend-1 | HTTP 2/10/2026 8:29:10 PM 172.22.0.6 Returned 200 in 2 ms
gateway-1 | 172.22.0.7 - - [10/Feb/2026:20:29:10 +0000] "GET /chunk-U6X5N3E5.js HTTP/1.1" 200 973 "http://gateway/main-KS4NMWS4.js" "Mozilla/5.0 (X11; Linux x86_64) AppleWebKit/537.36 (KHTML, like Gecko) HeadlessChrome/118.0.0.0 Safari/537.36"
frontend-1 | HTTP 2/10/2026 8:29:10 PM 172.22.0.6 GET /chunk-4WFVMWDK.js
frontend-1 | HTTP 2/10/2026 8:29:10 PM 172.22.0.6 Returned 200 in 1 ms
gateway-1 | 172.22.0.7 - - [10/Feb/2026:20:29:10 +0000] "GET /chunk-4WFVMWDK.js HTTP/1.1" 200 103 "http://gateway/main-KS4NMWS4.js" "Mozilla/5.0 (X11; Linux x86_64) AppleWebKit/537.36 (KHTML, like Gecko) HeadlessChrome/118.0.0.0 Safari/537.36"
frontend-1 | HTTP 2/10/2026 8:29:10 PM 172.22.0.6 GET /chunk-M2X7KQLB.js
frontend-1 | HTTP 2/10/2026 8:29:10 PM 172.22.0.6 Returned 200 in 2 ms
gateway-1 | 172.22.0.7 - - [10/Feb/2026:20:29:10 +0000] "GET /chunk-M2X7KQLB.js HTTP/1.1" 200 2345 "http://gateway/main-KS4NMWS4.js" "Mozilla/5.0 (X11; Linux x86_64) AppleWebKit/537.36 (KHTML, like Gecko) HeadlessChrome/118.0.0.0 Safari/537.36"
frontend-1 | HTTP 2/10/2026 8:29:10 PM 172.22.0.6 GET /chunk-DVVH2KKN.js
frontend-1 | HTTP 2/10/2026 8:29:10 PM 172.22.0.6 Returned 200 in 1 ms
gateway-1 | 172.22.0.7 - - [10/Feb/2026:20:29:10 +0000] "GET /chunk-DVVH2KKN.js HTTP/1.1" 200 1022 "http://gateway/main-KS4NMWS4.js" "Mozilla/5.0 (X11; Linux x86_64) AppleWebKit/537.36 (KHTML, like Gecko) HeadlessChrome/118.0.0.0 Safari/537.36"
frontend-1 | HTTP 2/10/2026 8:29:10 PM 172.22.0.6 GET /chunk-NV3QH4JK.js
frontend-1 | HTTP 2/10/2026 8:29:10 PM 172.22.0.6 Returned 200 in 1 ms
gateway-1 | 172.22.0.7 - - [10/Feb/2026:20:29:10 +0000] "GET /chunk-NV3QH4JK.js HTTP/1.1" 200 545 "http://gateway/main-KS4NMWS4.js" "Mozilla/5.0 (X11; Linux x86_64) AppleWebKit/537.36 (KHTML, like Gecko) HeadlessChrome/118.0.0.0 Safari/537.36"
frontend-1 | HTTP 2/10/2026 8:29:10 PM 172.22.0.6 GET /chunk-2F44PKVT.js
frontend-1 | HTTP 2/10/2026 8:29:10 PM 172.22.0.6 Returned 200 in 2 ms
gateway-1 | 172.22.0.7 - - [10/Feb/2026:20:29:10 +0000] "GET /chunk-2F44PKVT.js HTTP/1.1" 200 1267 "http://gateway/main-KS4NMWS4.js" "Mozilla/5.0 (X11; Linux x86_64) AppleWebKit/537.36 (KHTML, like Gecko) HeadlessChrome/118.0.0.0 Safari/537.36"
frontend-1 | HTTP 2/10/2026 8:29:10 PM 172.22.0.6 GET /chunk-OZYWYLNK.js
frontend-1 | HTTP 2/10/2026 8:29:10 PM 172.22.0.6 Returned 200 in 1 ms
frontend-1 | HTTP 2/10/2026 8:29:10 PM 172.22.0.6 GET /chunk-42C7ZIID.js
gateway-1 | 172.22.0.7 - - [10/Feb/2026:20:29:10 +0000] "GET /chunk-OZYWYLNK.js HTTP/1.1" 200 703 "http://gateway/main-KS4NMWS4.js" "Mozilla/5.0 (X11; Linux x86_64) AppleWebKit/537.36 (KHTML, like Gecko) HeadlessChrome/118.0.0.0 Safari/537.36"
frontend-1 | HTTP 2/10/2026 8:29:10 PM 172.22.0.6 Returned 200 in 2 ms
gateway-1 | 172.22.0.7 - - [10/Feb/2026:20:29:10 +0000] "GET /chunk-42C7ZIID.js HTTP/1.1" 200 99 "http://gateway/main-KS4NMWS4.js" "Mozilla/5.0 (X11; Linux x86_64) AppleWebKit/537.36 (KHTML, like Gecko) HeadlessChrome/118.0.0.0 Safari/537.36"
frontend-1 | HTTP 2/10/2026 8:29:10 PM 172.22.0.6 GET /chunk-S5EYVFES.js
frontend-1 | HTTP 2/10/2026 8:29:10 PM 172.22.0.6 Returned 200 in 2 ms
gateway-1 | 172.22.0.7 - - [10/Feb/2026:20:29:10 +0000] "GET /chunk-S5EYVFES.js HTTP/1.1" 200 997 "http://gateway/main-KS4NMWS4.js" "Mozilla/5.0 (X11; Linux x86_64) AppleWebKit/537.36 (KHTML, like Gecko) HeadlessChrome/118.0.0.0 Safari/537.36"
frontend-1 | HTTP 2/10/2026 8:29:10 PM 172.22.0.6 GET /chunk-IZ45FJRN.js
frontend-1 | HTTP 2/10/2026 8:29:10 PM 172.22.0.6 GET /chunk-IKGHDXOG.js
frontend-1 | HTTP 2/10/2026 8:29:10 PM 172.22.0.6 Returned 200 in 1 ms
frontend-1 | HTTP 2/10/2026 8:29:10 PM 172.22.0.6 Returned 200 in 1 ms
gateway-1 | 172.22.0.7 - - [10/Feb/2026:20:29:10 +0000] "GET /chunk-IKGHDXOG.js HTTP/1.1" 200 708 "http://gateway/chunk-SIIYUJ4M.js" "Mozilla/5.0 (X11; Linux x86_64) AppleWebKit/537.36 (KHTML, like Gecko) HeadlessChrome/118.0.0.0 Safari/537.36"
gateway-1 | 172.22.0.7 - - [10/Feb/2026:20:29:10 +0000] "GET /chunk-IZ45FJRN.js HTTP/1.1" 200 654 "http://gateway/chunk-LVVUCCCF.js" "Mozilla/5.0 (X11; Linux x86_64) AppleWebKit/537.36 (KHTML, like Gecko) HeadlessChrome/118.0.0.0 Safari/537.36"
frontend-1 | HTTP 2/10/2026 8:29:10 PM 172.22.0.6 GET /chunk-7PCPRIUP.js
frontend-1 | HTTP 2/10/2026 8:29:10 PM 172.22.0.6 Returned 200 in 1 ms
frontend-1 | HTTP 2/10/2026 8:29:10 PM 172.22.0.6 GET /chunk-7QFSCN6B.js
gateway-1 | 172.22.0.7 - - [10/Feb/2026:20:29:10 +0000] "GET /chunk-7PCPRIUP.js HTTP/1.1" 200 2707 "http://gateway/main-KS4NMWS4.js" "Mozilla/5.0 (X11; Linux x86_64) AppleWebKit/537.36 (KHTML, like Gecko) HeadlessChrome/118.0.0.0 Safari/537.36"
frontend-1 | HTTP 2/10/2026 8:29:10 PM 172.22.0.6 GET /chunk-AO7O7M2C.js
frontend-1 | HTTP 2/10/2026 8:29:10 PM 172.22.0.6 Returned 200 in 3 ms
gateway-1 | 172.22.0.7 - - [10/Feb/2026:20:29:10 +0000] "GET /chunk-7QFSCN6B.js HTTP/1.1" 200 841 "http://gateway/chunk-SIIYUJ4M.js" "Mozilla/5.0 (X11; Linux x86_64) AppleWebKit/537.36 (KHTML, like Gecko) HeadlessChrome/118.0.0.0 Safari/537.36"
frontend-1 | HTTP 2/10/2026 8:29:10 PM 172.22.0.6 Returned 200 in 2 ms
gateway-1 | 172.22.0.7 - - [10/Feb/2026:20:29:10 +0000] "GET /chunk-AO7O7M2C.js HTTP/1.1" 200 286 "http://gateway/chunk-SIIYUJ4M.js" "Mozilla/5.0 (X11; Linux x86_64) AppleWebKit/537.36 (KHTML, like Gecko) HeadlessChrome/118.0.0.0 Safari/537.36"
frontend-1 | HTTP 2/10/2026 8:29:10 PM 172.22.0.6 GET /chunk-EFATC7K6.js
frontend-1 | HTTP 2/10/2026 8:29:10 PM 172.22.0.6 Returned 200 in 1 ms
gateway-1 | 172.22.0.7 - - [10/Feb/2026:20:29:10 +0000] "GET /chunk-EFATC7K6.js HTTP/1.1" 200 212 "http://gateway/chunk-7PCPRIUP.js" "Mozilla/5.0 (X11; Linux x86_64) AppleWebKit/537.36 (KHTML, like Gecko) HeadlessChrome/118.0.0.0 Safari/537.36"
frontend-1 | HTTP 2/10/2026 8:29:10 PM 172.22.0.6 GET /chunk-AEZQSNBU.js
frontend-1 | HTTP 2/10/2026 8:29:10 PM 172.22.0.6 Returned 200 in 1 ms
gateway-1 | 172.22.0.7 - - [10/Feb/2026:20:29:10 +0000] "GET /chunk-AEZQSNBU.js HTTP/1.1" 200 404 "http://gateway/chunk-SIIYUJ4M.js" "Mozilla/5.0 (X11; Linux x86_64) AppleWebKit/537.36 (KHTML, like Gecko) HeadlessChrome/118.0.0.0 Safari/537.36"
frontend-1 | HTTP 2/10/2026 8:29:10 PM 172.22.0.6 GET /chunk-3S45ZQRP.js
frontend-1 | HTTP 2/10/2026 8:29:10 PM 172.22.0.6 Returned 200 in 2 ms
gateway-1 | 172.22.0.7 - - [10/Feb/2026:20:29:10 +0000] "GET /chunk-3S45ZQRP.js HTTP/1.1" 200 952 "http://gateway/chunk-SIIYUJ4M.js" "Mozilla/5.0 (X11; Linux x86_64) AppleWebKit/537.36 (KHTML, like Gecko) HeadlessChrome/118.0.0.0 Safari/537.36"
frontend-1 | HTTP 2/10/2026 8:29:11 PM 172.22.0.6 GET /chunk-U433NWOJ.js
frontend-1 | HTTP 2/10/2026 8:29:11 PM 172.22.0.6 GET /chunk-BE46YIV6.js
frontend-1 | HTTP 2/10/2026 8:29:11 PM 172.22.0.6 Returned 200 in 2 ms
frontend-1 | HTTP 2/10/2026 8:29:11 PM 172.22.0.6 Returned 200 in 2 ms
frontend-1 | HTTP 2/10/2026 8:29:11 PM 172.22.0.6 GET /chunk-W4QT4TCY.js
frontend-1 | HTTP 2/10/2026 8:29:11 PM 172.22.0.6 Returned 200 in 1 ms
frontend-1 | HTTP 2/10/2026 8:29:11 PM 172.22.0.6 GET /chunk-4OBODHSB.js
frontend-1 | HTTP 2/10/2026 8:29:11 PM 172.22.0.6 GET /chunk-5TRJSPHN.js
frontend-1 | HTTP 2/10/2026 8:29:11 PM 172.22.0.6 GET /chunk-AJKC76ZD.js
gateway-1 | 172.22.0.7 - - [10/Feb/2026:20:29:11 +0000] "GET /chunk-U433NWOJ.js HTTP/1.1" 200 2119 "http://gateway/main-KS4NMWS4.js" "Mozilla/5.0 (X11; Linux x86_64) AppleWebKit/537.36 (KHTML, like Gecko) HeadlessChrome/118.0.0.0 Safari/537.36"
gateway-1 | 172.22.0.7 - - [10/Feb/2026:20:29:11 +0000] "GET /chunk-BE46YIV6.js HTTP/1.1" 200 2987 "http://gateway/main-KS4NMWS4.js" "Mozilla/5.0 (X11; Linux x86_64) AppleWebKit/537.36 (KHTML, like Gecko) HeadlessChrome/118.0.0.0 Safari/537.36"
gateway-1 | 172.22.0.7 - - [10/Feb/2026:20:29:11 +0000] "GET /chunk-W4QT4TCY.js HTTP/1.1" 200 2540 "http://gateway/main-KS4NMWS4.js" "Mozilla/5.0 (X11; Linux x86_64) AppleWebKit/537.36 (KHTML, like Gecko) HeadlessChrome/118.0.0.0 Safari/537.36"
gateway-1 | 172.22.0.7 - - [10/Feb/2026:20:29:11 +0000] "GET /chunk-4OBODHSB.js HTTP/1.1" 200 12491 "http://gateway/main-KS4NMWS4.js" "Mozilla/5.0 (X11; Linux x86_64) AppleWebKit/537.36 (KHTML, like Gecko) HeadlessChrome/118.0.0.0 Safari/537.36"
gateway-1 | 172.22.0.7 - - [10/Feb/2026:20:29:11 +0000] "GET /chunk-AJKC76ZD.js HTTP/1.1" 200 11649 "http://gateway/main-KS4NMWS4.js" "Mozilla/5.0 (X11; Linux x86_64) AppleWebKit/537.36 (KHTML, like Gecko) HeadlessChrome/118.0.0.0 Safari/537.36"
gateway-1 | 172.22.0.7 - - [10/Feb/2026:20:29:11 +0000] "GET /chunk-5TRJSPHN.js HTTP/1.1" 200 4871 "http://gateway/main-KS4NMWS4.js" "Mozilla/5.0 (X11; Linux x86_64) AppleWebKit/537.36 (KHTML, like Gecko) HeadlessChrome/118.0.0.0 Safari/537.36"
gateway-1 | 172.22.0.7 - - [10/Feb/2026:20:29:11 +0000] "GET /chunk-RCQRUOIY.js HTTP/1.1" 200 9780 "http://gateway/main-KS4NMWS4.js" "Mozilla/5.0 (X11; Linux x86_64) AppleWebKit/537.36 (KHTML, like Gecko) HeadlessChrome/118.0.0.0 Safari/537.36"
frontend-1 | HTTP 2/10/2026 8:29:11 PM 172.22.0.6 Returned 200 in 29 ms
frontend-1 | HTTP 2/10/2026 8:29:11 PM 172.22.0.6 Returned 200 in 30 ms
frontend-1 | HTTP 2/10/2026 8:29:11 PM 172.22.0.6 Returned 200 in 30 ms
frontend-1 | HTTP 2/10/2026 8:29:11 PM 172.22.0.6 GET /chunk-RCQRUOIY.js
frontend-1 | HTTP 2/10/2026 8:29:11 PM 172.22.0.6 Returned 200 in 6 ms
frontend-1 | HTTP 2/10/2026 8:29:11 PM 172.22.0.6 GET /chunk-7K6FV6YS.js
frontend-1 | HTTP 2/10/2026 8:29:11 PM 172.22.0.6 Returned 200 in 25 ms
frontend-1 | HTTP 2/10/2026 8:29:11 PM 172.22.0.6 GET /chunk-CQRYAI7S.js
frontend-1 | HTTP 2/10/2026 8:29:11 PM 172.22.0.6 Returned 200 in 1 ms
gateway-1 | 172.22.0.7 - - [10/Feb/2026:20:29:11 +0000] "GET /chunk-CQRYAI7S.js HTTP/1.1" 200 3840 "http://gateway/main-KS4NMWS4.js" "Mozilla/5.0 (X11; Linux x86_64) AppleWebKit/537.36 (KHTML, like Gecko) HeadlessChrome/118.0.0.0 Safari/537.36"
gateway-1 | 172.22.0.7 - - [10/Feb/2026:20:29:11 +0000] "GET /chunk-7K6FV6YS.js HTTP/1.1" 200 28004 "http://gateway/main-KS4NMWS4.js" "Mozilla/5.0 (X11; Linux x86_64) AppleWebKit/537.36 (KHTML, like Gecko) HeadlessChrome/118.0.0.0 Safari/537.36"
frontend-1 | HTTP 2/10/2026 8:29:11 PM 172.22.0.6 GET /chunk-26A63YYM.js
frontend-1 | HTTP 2/10/2026 8:29:11 PM 172.22.0.6 Returned 200 in 1 ms
frontend-1 | HTTP 2/10/2026 8:29:11 PM 172.22.0.6 GET /chunk-5GRTQJ3B.js
frontend-1 | HTTP 2/10/2026 8:29:11 PM 172.22.0.6 Returned 200 in 2 ms
gateway-1 | 172.22.0.7 - - [10/Feb/2026:20:29:11 +0000] "GET /chunk-26A63YYM.js HTTP/1.1" 200 4456 "http://gateway/main-KS4NMWS4.js" "Mozilla/5.0 (X11; Linux x86_64) AppleWebKit/537.36 (KHTML, like Gecko) HeadlessChrome/118.0.0.0 Safari/537.36"
gateway-1 | 172.22.0.7 - - [10/Feb/2026:20:29:11 +0000] "GET /chunk-5GRTQJ3B.js HTTP/1.1" 200 5499 "http://gateway/main-KS4NMWS4.js" "Mozilla/5.0 (X11; Linux x86_64) AppleWebKit/537.36 (KHTML, like Gecko) HeadlessChrome/118.0.0.0 Safari/537.36"
frontend-1 | HTTP 2/10/2026 8:29:11 PM 172.22.0.6 GET /chunk-274CCNKG.js
frontend-1 | HTTP 2/10/2026 8:29:11 PM 172.22.0.6 Returned 200 in 2 ms
frontend-1 | HTTP 2/10/2026 8:29:11 PM 172.22.0.6 GET /chunk-KGBQIG74.js
frontend-1 | HTTP 2/10/2026 8:29:11 PM 172.22.0.6 Returned 200 in 24 ms
frontend-1 | HTTP 2/10/2026 8:29:11 PM 172.22.0.6 GET /chunk-XC4S66G4.js
